{"id":1325,"date":"2024-09-24T11:45:34","date_gmt":"2024-09-24T09:45:34","guid":{"rendered":"https:\/\/gk-korcula.hr\/?post_type=tribe_events&#038;p=1325"},"modified":"2024-09-24T11:45:34","modified_gmt":"2024-09-24T09:45:34","slug":"radionica-snimi-izrezi-i-zalijepi-fotografski-kolazi","status":"publish","type":"tribe_events","link":"https:\/\/gk-korcula.hr\/nova\/dogadaj\/radionica-snimi-izrezi-i-zalijepi-fotografski-kolazi\/","title":{"rendered":"Radionica \u201cSnimi, izre\u017ei i zalijepi \u2013 Fotografski kola\u017ei\u201d"},"content":{"rendered":"<div>Radionica \u201cSnimi, izre\u017ei i zalijepi \u2013 Fotografski kola\u017ei\u201d pru\u017eit \u0107e srednjo\u0161kolcima priliku za dublje razumijevanje fotografije kao medija, od tradicionalnog prikaza stvarnosti do kreativne transformacije kroz kola\u017eiranje.<\/div>\n<div><\/div>\n<div>Naglasak \u0107e biti na istra\u017eivanju kako kontekst i manipulacija utje\u010du na interpretaciju slike. Kroz radionicu \u0107e se obraditi tehni\u010dki aspekti fotografije, razumijevanje fotografije kao interpretacije stvarnosti te kreativno izra\u017eavanje putem kola\u017ea. Sudionici \u0107e eksperimentirati s razli\u010ditim tehnikama i otkrivati nove mogu\u0107nosti unutar fotografskog medija.<\/div>\n<div><\/div>\n<div>Radionica je namijenjena mladim kreativcima koje zanima fotografija, ali i rad s rukama. Od klikanja do rezanja i lijepljenja, kroz prakti\u010dne aktivnosti sudionici \u0107e istra\u017eivati kako fotografiju koristiti kao medij za transformaciju stvarnosti i stvaranje novih zna\u010denja.<\/div>\n<div><\/div>\n<div>Radionica \u0107e se odr\u017eati u pet termina \u2013\u00a0<strong>18. i 19. te 25. i 26. listopada<\/strong>, s po\u010detkom u\u00a0<strong>17 sati<\/strong>, u\u00a0<strong>Centru za kulturu Kor\u010dula<\/strong>. Uz to, bit \u0107e organiziran i dodatni termin terenske nastave, koji \u0107e biti dogovoren sa sudionicima.<\/div>\n<div><\/div>\n<div>Radionica se odr\u017eava\u00a0u okviru manifestacije \u201cKor\u010dula voli film\u201d koja je posve\u0107ena kor\u010dulanskom eksperimentalnom filma\u0161u Mihovilu Pansiniju.<\/div>\n<div><\/div>\n<div>Prijave na: https:\/\/tidycal.com\/gradskaknjiznicaivanvidali\/snimi-izrezi-zalijepi<\/div>\n","protected":false},"excerpt":{"rendered":"<p>Radionica \u201cSnimi, izre\u017ei i zalijepi \u2013 Fotografski kola\u017ei\u201d pru\u017eit \u0107e srednjo\u0161kolcima priliku za dublje razumijevanje fotografije kao medija, od tradicionalnog prikaza stvarnosti do kreativne transformacije kroz kola\u017eiranje. Naglasak \u0107e biti [&hellip;]<\/p>\n","protected":false},"author":3,"featured_media":1323,"template":"","meta":{"_et_pb_use_builder":"","_et_pb_old_content":"","_et_gb_content_width":"","_tribe_events_status":"","_tribe_events_status_reason":"","footnotes":""},"tags":[],"tribe_events_cat":[],"class_list":["post-1325","tribe_events","type-tribe_events","status-publish","has-post-thumbnail","hentry"],"_links":{"self":[{"href":"https:\/\/gk-korcula.hr\/nova\/wp-json\/wp\/v2\/tribe_events\/1325","targetHints":{"allow":["GET"]}}],"collection":[{"href":"https:\/\/gk-korcula.hr\/nova\/wp-json\/wp\/v2\/tribe_events"}],"about":[{"href":"https:\/\/gk-korcula.hr\/nova\/wp-json\/wp\/v2\/types\/tribe_events"}],"author":[{"embeddable":true,"href":"https:\/\/gk-korcula.hr\/nova\/wp-json\/wp\/v2\/users\/3"}],"version-history":[{"count":1,"href":"https:\/\/gk-korcula.hr\/nova\/wp-json\/wp\/v2\/tribe_events\/1325\/revisions"}],"predecessor-version":[{"id":1327,"href":"https:\/\/gk-korcula.hr\/nova\/wp-json\/wp\/v2\/tribe_events\/1325\/revisions\/1327"}],"wp:featuredmedia":[{"embeddable":true,"href":"https:\/\/gk-korcula.hr\/nova\/wp-json\/wp\/v2\/media\/1323"}],"wp:attachment":[{"href":"https:\/\/gk-korcula.hr\/nova\/wp-json\/wp\/v2\/media?parent=1325"}],"wp:term":[{"taxonomy":"post_tag","embeddable":true,"href":"https:\/\/gk-korcula.hr\/nova\/wp-json\/wp\/v2\/tags?post=1325"},{"taxonomy":"tribe_events_cat","embeddable":true,"href":"https:\/\/gk-korcula.hr\/nova\/wp-json\/wp\/v2\/tribe_events_cat?post=1325"}],"curies":[{"name":"wp","href":"https:\/\/api.w.org\/{rel}","templated":true}]}}

Radionica “Snimi, izreži i zalijepi – Fotografski kolaži”

<div>Radionica “Snimi, izreži i zalijepi – Fotografski kolaži” pružit će srednjoškolcima priliku za dublje razumijevanje fotografije kao medija, od tradicionalnog prikaza stvarnosti do kreativne transformacije kroz kolažiranje.</div>
<div></div>
<div>Naglasak će biti na istraživanju kako kontekst i manipulacija utječu na interpretaciju slike. Kroz radionicu će se obraditi tehnički aspekti fotografije, razumijevanje fotografije kao interpretacije stvarnosti te kreativno izražavanje putem kolaža. Sudionici će eksperimentirati s različitim tehnikama i otkrivati nove mogućnosti unutar fotografskog medija.</div>
<div></div>
<div>Radionica je namijenjena mladim kreativcima koje zanima fotografija, ali i rad s rukama. Od klikanja do rezanja i lijepljenja, kroz praktične aktivnosti sudionici će istraživati kako fotografiju koristiti kao medij za transformaciju stvarnosti i stvaranje novih značenja.</div>
<div></div>
<div>Radionica će se održati u pet termina – <strong>18. i 19. te 25. i 26. listopada</strong>, s početkom u <strong>17 sati</strong>, u <strong>Centru za kulturu Korčula</strong>. Uz to, bit će organiziran i dodatni termin terenske nastave, koji će biti dogovoren sa sudionicima.</div>
<div></div>
<div>Radionica se održava u okviru manifestacije “Korčula voli film” koja je posvećena korčulanskom eksperimentalnom filmašu Mihovilu Pansiniju.</div>
<div></div>
<div>Prijave na: https://tidycal.com/gradskaknjiznicaivanvidali/snimi-izrezi-zalijepi</div>

<p>Radionica “Snimi, izreži i zalijepi – Fotografski kolaži” pružit će srednjoškolcima priliku za dublje razumijevanje fotografije kao medija, od tradicionalnog prikaza stvarnosti do kreativne transformacije kroz kolažiranje. Naglasak će biti [&hellip;]</p>
