{"id":1387,"date":"2024-09-30T18:32:34","date_gmt":"2024-09-30T16:32:34","guid":{"rendered":"https:\/\/gk-korcula.hr\/?post_type=tribe_events&#038;p=1387"},"modified":"2024-10-21T09:15:51","modified_gmt":"2024-10-21T07:15:51","slug":"promocija-romana-zigice-knjizevnika-jurice-pavicica","status":"publish","type":"tribe_events","link":"https:\/\/gk-korcula.hr\/nova\/dogadaj\/promocija-romana-zigice-knjizevnika-jurice-pavicica\/","title":{"rendered":"Promocija romana &#8220;\u017digice&#8221; knji\u017eevnika Jurice Pavi\u010di\u0107a"},"content":{"rendered":"<p>Pozivamo Vas na predstavljanje romana \u201c\u017digice\u201d knji\u017eevnika Jurice Pavi\u010di\u0107a koje \u0107e se odr\u017eati u Gradskoj knji\u017enici <em>Ivan Vidali<\/em> u petak, 25. listopada s po\u010detkom u 18:00 sati.<\/p>\n<p>O romanu:<\/p>\n<p>Ni\u0161ta se od toga nije trebalo dogoditi. A ipak, dogodilo se \u2013 onako kako se nad isto\u010dnim Jadranom dogodilo tisu\u0107u puta, ponavljaju\u0107i isti, vje\u010dni obrazac, stariji od ljudi, stariji od ku\u0107a, gradova, nacija i jezika\u2026<\/p>\n<p>Orkanska bura rasplamsa zastra\u0161uju\u0107i po\u017ear koji spali planinu i ugrozi grad Split. Policija je uvjerena da \u0107e istraga biti brzo zaklju\u010dena i otkriti ili piromana ili tragove pukog ljudskog nemara. Ubrzo \u0107e se pokazati da je slu\u010daj mnogo zamr\u0161eniji.<\/p>\n<p>Mladen Bo\u017eikovi\u0107 pak odan je suprug, otac, djed. \u010covjek nalik mnogima, osim \u0161to je strastveno zaljubljen u planine Dalmacije, planine koje ve\u0107 generacijama odre\u0111uju sudbinu njegove obitelji, ali i njega samoga. Stoga po\u017ear koji je poharao i njegovu djedovinu za njega nikako nije samo medijska vijest\u2026<\/p>\n<p><em>\u017digice<\/em>, novi roman Jurice Pavi\u010di\u0107a \u2013 istodobno mediteranski noir, obiteljska drama i kronika dru\u0161tva \u2013 izvrstan je, potresan roman jednog od naj\u010ditanijih i najnagra\u0111ivanijih doma\u0107ih pisaca.<\/p>\n","protected":false},"excerpt":{"rendered":"<p>Pozivamo Vas na predstavljanje romana \u201c\u017digice\u201d knji\u017eevnika Jurice Pavi\u010di\u0107a koje \u0107e se odr\u017eati u Gradskoj knji\u017enici Ivan Vidali u petak, 25. listopada s po\u010detkom u 18:00 sati. O romanu: Ni\u0161ta [&hellip;]<\/p>\n","protected":false},"author":3,"featured_media":1388,"template":"","meta":{"_et_pb_use_builder":"","_et_pb_old_content":"","_et_gb_content_width":"","_tribe_events_status":"","_tribe_events_status_reason":"","footnotes":""},"tags":[],"tribe_events_cat":[],"class_list":["post-1387","tribe_events","type-tribe_events","status-publish","has-post-thumbnail","hentry"],"_links":{"self":[{"href":"https:\/\/gk-korcula.hr\/nova\/wp-json\/wp\/v2\/tribe_events\/1387","targetHints":{"allow":["GET"]}}],"collection":[{"href":"https:\/\/gk-korcula.hr\/nova\/wp-json\/wp\/v2\/tribe_events"}],"about":[{"href":"https:\/\/gk-korcula.hr\/nova\/wp-json\/wp\/v2\/types\/tribe_events"}],"author":[{"embeddable":true,"href":"https:\/\/gk-korcula.hr\/nova\/wp-json\/wp\/v2\/users\/3"}],"version-history":[{"count":3,"href":"https:\/\/gk-korcula.hr\/nova\/wp-json\/wp\/v2\/tribe_events\/1387\/revisions"}],"predecessor-version":[{"id":1470,"href":"https:\/\/gk-korcula.hr\/nova\/wp-json\/wp\/v2\/tribe_events\/1387\/revisions\/1470"}],"wp:featuredmedia":[{"embeddable":true,"href":"https:\/\/gk-korcula.hr\/nova\/wp-json\/wp\/v2\/media\/1388"}],"wp:attachment":[{"href":"https:\/\/gk-korcula.hr\/nova\/wp-json\/wp\/v2\/media?parent=1387"}],"wp:term":[{"taxonomy":"post_tag","embeddable":true,"href":"https:\/\/gk-korcula.hr\/nova\/wp-json\/wp\/v2\/tags?post=1387"},{"taxonomy":"tribe_events_cat","embeddable":true,"href":"https:\/\/gk-korcula.hr\/nova\/wp-json\/wp\/v2\/tribe_events_cat?post=1387"}],"curies":[{"name":"wp","href":"https:\/\/api.w.org\/{rel}","templated":true}]}}

Promocija romana &#8220;Žigice&#8221; književnika Jurice Pavičića

<p>Pozivamo Vas na predstavljanje romana “Žigice” književnika Jurice Pavičića koje će se održati u Gradskoj knjižnici <em>Ivan Vidali</em> u petak, 25. listopada s početkom u 18:00 sati.</p>
<p>O romanu:</p>
<p>Ništa se od toga nije trebalo dogoditi. A ipak, dogodilo se – onako kako se nad istočnim Jadranom dogodilo tisuću puta, ponavljajući isti, vječni obrazac, stariji od ljudi, stariji od kuća, gradova, nacija i jezika…</p>
<p>Orkanska bura rasplamsa zastrašujući požar koji spali planinu i ugrozi grad Split. Policija je uvjerena da će istraga biti brzo zaključena i otkriti ili piromana ili tragove pukog ljudskog nemara. Ubrzo će se pokazati da je slučaj mnogo zamršeniji.</p>
<p>Mladen Božiković pak odan je suprug, otac, djed. Čovjek nalik mnogima, osim što je strastveno zaljubljen u planine Dalmacije, planine koje već generacijama određuju sudbinu njegove obitelji, ali i njega samoga. Stoga požar koji je poharao i njegovu djedovinu za njega nikako nije samo medijska vijest…</p>
<p><em>Žigice</em>, novi roman Jurice Pavičića – istodobno mediteranski noir, obiteljska drama i kronika društva – izvrstan je, potresan roman jednog od najčitanijih i najnagrađivanijih domaćih pisaca.</p>

<p>Pozivamo Vas na predstavljanje romana “Žigice” književnika Jurice Pavičića koje će se održati u Gradskoj knjižnici Ivan Vidali u petak, 25. listopada s početkom u 18:00 sati. O romanu: Ništa [&hellip;]</p>
