{"id":1524,"date":"2024-11-12T18:26:51","date_gmt":"2024-11-12T17:26:51","guid":{"rendered":"https:\/\/gk-korcula.hr\/nova\/?post_type=tribe_events&#038;p=1524"},"modified":"2024-11-12T18:26:51","modified_gmt":"2024-11-12T17:26:51","slug":"predstavljanje-projekta-prica-od-sjemenke-do-cvijeta-i-stari-a-uvijek-novi-obicni-a-neobicni","status":"publish","type":"tribe_events","link":"https:\/\/gk-korcula.hr\/nova\/dogadaj\/predstavljanje-projekta-prica-od-sjemenke-do-cvijeta-i-stari-a-uvijek-novi-obicni-a-neobicni\/","title":{"rendered":"Predstavljanje projekta &#8220;Pri\u010da &#8211; od sjemenke do cvijeta&#8221; i &#8220;Stari, a uvijek novi; obi\u010dni, a neobi\u010dni&#8221;"},"content":{"rendered":"<p>Predstavljanje projekata &#8220;Pri\u010da &#8211; od sjemenke do cvijeta&#8221; i &#8220;Stari, a uvijek novi; obi\u010dni, a neobi\u010dni&#8221; u\u010denika Srednje \u0161kole Petra \u0160egedina i njihovih mentorica, Maje \u0160estanovi\u0107 i Jasne Novak, profesorica hrvatskog jezika, odr\u017eat \u0107e se u Gradskoj knji\u017enici <em>Ivan Vidali<\/em> u srijedu, 15. studenoga, s po\u010detkom u 18:00 sati.<\/p>\n","protected":false},"excerpt":{"rendered":"<p>Predstavljanje projekata &#8220;Pri\u010da &#8211; od sjemenke do cvijeta&#8221; i &#8220;Stari, a uvijek novi; obi\u010dni, a neobi\u010dni&#8221; u\u010denika Srednje \u0161kole Petra \u0160egedina i njihovih mentorica, Maje \u0160estanovi\u0107 i Jasne Novak, profesorica [&hellip;]<\/p>\n","protected":false},"author":3,"featured_media":1522,"template":"","meta":{"_et_pb_use_builder":"","_et_pb_old_content":"","_et_gb_content_width":"","_tribe_events_status":"","_tribe_events_status_reason":"","footnotes":""},"tags":[],"tribe_events_cat":[],"class_list":["post-1524","tribe_events","type-tribe_events","status-publish","has-post-thumbnail","hentry"],"_links":{"self":[{"href":"https:\/\/gk-korcula.hr\/nova\/wp-json\/wp\/v2\/tribe_events\/1524","targetHints":{"allow":["GET"]}}],"collection":[{"href":"https:\/\/gk-korcula.hr\/nova\/wp-json\/wp\/v2\/tribe_events"}],"about":[{"href":"https:\/\/gk-korcula.hr\/nova\/wp-json\/wp\/v2\/types\/tribe_events"}],"author":[{"embeddable":true,"href":"https:\/\/gk-korcula.hr\/nova\/wp-json\/wp\/v2\/users\/3"}],"version-history":[{"count":1,"href":"https:\/\/gk-korcula.hr\/nova\/wp-json\/wp\/v2\/tribe_events\/1524\/revisions"}],"predecessor-version":[{"id":1525,"href":"https:\/\/gk-korcula.hr\/nova\/wp-json\/wp\/v2\/tribe_events\/1524\/revisions\/1525"}],"wp:featuredmedia":[{"embeddable":true,"href":"https:\/\/gk-korcula.hr\/nova\/wp-json\/wp\/v2\/media\/1522"}],"wp:attachment":[{"href":"https:\/\/gk-korcula.hr\/nova\/wp-json\/wp\/v2\/media?parent=1524"}],"wp:term":[{"taxonomy":"post_tag","embeddable":true,"href":"https:\/\/gk-korcula.hr\/nova\/wp-json\/wp\/v2\/tags?post=1524"},{"taxonomy":"tribe_events_cat","embeddable":true,"href":"https:\/\/gk-korcula.hr\/nova\/wp-json\/wp\/v2\/tribe_events_cat?post=1524"}],"curies":[{"name":"wp","href":"https:\/\/api.w.org\/{rel}","templated":true}]}}

Predstavljanje projekta &#8220;Priča &#8211; od sjemenke do cvijeta&#8221; i &#8220;Stari, a uvijek novi; obični, a neobični&#8221;

<p>Predstavljanje projekata &#8220;Priča &#8211; od sjemenke do cvijeta&#8221; i &#8220;Stari, a uvijek novi; obični, a neobični&#8221; učenika Srednje škole Petra Šegedina i njihovih mentorica, Maje Šestanović i Jasne Novak, profesorica hrvatskog jezika, održat će se u Gradskoj knjižnici <em>Ivan Vidali</em> u srijedu, 15. studenoga, s početkom u 18:00 sati.</p>

<p>Predstavljanje projekata &#8220;Priča &#8211; od sjemenke do cvijeta&#8221; i &#8220;Stari, a uvijek novi; obični, a neobični&#8221; učenika Srednje škole Petra Šegedina i njihovih mentorica, Maje Šestanović i Jasne Novak, profesorica [&hellip;]</p>
