{"id":1563,"date":"2024-12-04T12:09:10","date_gmt":"2024-12-04T11:09:10","guid":{"rendered":"https:\/\/gk-korcula.hr\/nova\/?post_type=tribe_events&#038;p=1563"},"modified":"2024-12-09T09:00:51","modified_gmt":"2024-12-09T08:00:51","slug":"izrada-bozicnih-cestitki-radionica-za-djecu","status":"publish","type":"tribe_events","link":"https:\/\/gk-korcula.hr\/nova\/dogadaj\/izrada-bozicnih-cestitki-radionica-za-djecu\/","title":{"rendered":"Izrada bo\u017ei\u0107nih \u010destitki &#8211; radionica za djecu"},"content":{"rendered":"<p class=\"cvGsUA direction-ltr align-start para-style-body\"><span class=\"OYPEnA font-feature-liga-off font-feature-clig-off font-feature-calt-off text-decoration-none text-strikethrough-none\">Pozivamo sve zainteresirane na kreativnu radionicu izrade <\/span><span class=\"OYPEnA font-feature-liga-off font-feature-clig-off font-feature-calt-off text-decoration-none text-strikethrough-none\">bo\u017ei\u0107nih \u010destitki za djecu<\/span><span class=\"OYPEnA font-feature-liga-off font-feature-clig-off font-feature-calt-off text-decoration-none text-strikethrough-none\"> \u2013 pridru\u017eite nam se i unesite blagdansku \u010daroliju\u00a0<\/span><span class=\"OYPEnA font-feature-liga-off font-feature-clig-off font-feature-calt-off text-decoration-none text-strikethrough-none\">u svoj dom!<\/span><\/p>\n<p>Prijave na: <a href=\"https:\/\/tidycal.com\/gradskaknjiznicaivanvidali\/izrada-bozicnih-cestitki\">https:\/\/tidycal.com\/gradskaknjiznicaivanvidali\/izrada-bozicnih-cestitki<\/a><\/p>\n","protected":false},"excerpt":{"rendered":"<p>Pozivamo sve zainteresirane na kreativnu radionicu izrade bo\u017ei\u0107nih \u010destitki za djecu \u2013 pridru\u017eite nam se i unesite blagdansku \u010daroliju\u00a0u svoj dom! Prijave na: https:\/\/tidycal.com\/gradskaknjiznicaivanvidali\/izrada-bozicnih-cestitki<\/p>\n","protected":false},"author":3,"featured_media":1564,"template":"","meta":{"_et_pb_use_builder":"","_et_pb_old_content":"","_et_gb_content_width":"","_tribe_events_status":"","_tribe_events_status_reason":"","footnotes":""},"tags":[],"tribe_events_cat":[],"class_list":["post-1563","tribe_events","type-tribe_events","status-publish","has-post-thumbnail","hentry"],"_links":{"self":[{"href":"https:\/\/gk-korcula.hr\/nova\/wp-json\/wp\/v2\/tribe_events\/1563","targetHints":{"allow":["GET"]}}],"collection":[{"href":"https:\/\/gk-korcula.hr\/nova\/wp-json\/wp\/v2\/tribe_events"}],"about":[{"href":"https:\/\/gk-korcula.hr\/nova\/wp-json\/wp\/v2\/types\/tribe_events"}],"author":[{"embeddable":true,"href":"https:\/\/gk-korcula.hr\/nova\/wp-json\/wp\/v2\/users\/3"}],"version-history":[{"count":2,"href":"https:\/\/gk-korcula.hr\/nova\/wp-json\/wp\/v2\/tribe_events\/1563\/revisions"}],"predecessor-version":[{"id":1587,"href":"https:\/\/gk-korcula.hr\/nova\/wp-json\/wp\/v2\/tribe_events\/1563\/revisions\/1587"}],"wp:featuredmedia":[{"embeddable":true,"href":"https:\/\/gk-korcula.hr\/nova\/wp-json\/wp\/v2\/media\/1564"}],"wp:attachment":[{"href":"https:\/\/gk-korcula.hr\/nova\/wp-json\/wp\/v2\/media?parent=1563"}],"wp:term":[{"taxonomy":"post_tag","embeddable":true,"href":"https:\/\/gk-korcula.hr\/nova\/wp-json\/wp\/v2\/tags?post=1563"},{"taxonomy":"tribe_events_cat","embeddable":true,"href":"https:\/\/gk-korcula.hr\/nova\/wp-json\/wp\/v2\/tribe_events_cat?post=1563"}],"curies":[{"name":"wp","href":"https:\/\/api.w.org\/{rel}","templated":true}]}}

Izrada božićnih čestitki &#8211; radionica za djecu

<p class="cvGsUA direction-ltr align-start para-style-body"><span class="OYPEnA font-feature-liga-off font-feature-clig-off font-feature-calt-off text-decoration-none text-strikethrough-none">Pozivamo sve zainteresirane na kreativnu radionicu izrade </span><span class="OYPEnA font-feature-liga-off font-feature-clig-off font-feature-calt-off text-decoration-none text-strikethrough-none">božićnih čestitki za djecu</span><span class="OYPEnA font-feature-liga-off font-feature-clig-off font-feature-calt-off text-decoration-none text-strikethrough-none"> – pridružite nam se i unesite blagdansku čaroliju </span><span class="OYPEnA font-feature-liga-off font-feature-clig-off font-feature-calt-off text-decoration-none text-strikethrough-none">u svoj dom!</span></p>
<p>Prijave na: <a href="https://tidycal.com/gradskaknjiznicaivanvidali/izrada-bozicnih-cestitki">https://tidycal.com/gradskaknjiznicaivanvidali/izrada-bozicnih-cestitki</a></p>

<p>Pozivamo sve zainteresirane na kreativnu radionicu izrade božićnih čestitki za djecu – pridružite nam se i unesite blagdansku čaroliju u svoj dom! Prijave na: https://tidycal.com/gradskaknjiznicaivanvidali/izrada-bozicnih-cestitki</p>
