{"id":1654,"date":"2025-01-21T15:19:22","date_gmt":"2025-01-21T14:19:22","guid":{"rendered":"https:\/\/gk-korcula.hr\/nova\/?post_type=tribe_events&#038;p=1654"},"modified":"2025-01-24T08:38:14","modified_gmt":"2025-01-24T07:38:14","slug":"korcula-pod-dominacijom-venecije-u-xv-stoljecu","status":"publish","type":"tribe_events","link":"https:\/\/gk-korcula.hr\/nova\/dogadaj\/korcula-pod-dominacijom-venecije-u-xv-stoljecu\/","title":{"rendered":"Kor\u010dula pod dominacijom Venecije u XV. stolje\u0107u"},"content":{"rendered":"<p>Predavanje temeljeno na knjizi<em>\u00a0Kor\u010dula pod Venecijom u XV. stolje\u0107u<\/em>\u00a0autora Olivera Jensa Schmitta odr\u017eat \u0107e Ante Cura\u0107, dugogodi\u0161nji turisti\u010dki djelatnik i kurijozni amater u povijesti.<\/p>\n","protected":false},"excerpt":{"rendered":"<p>Predavanje temeljeno na knjizi\u00a0Kor\u010dula pod Venecijom u XV. stolje\u0107u\u00a0autora Olivera Jensa Schmitta odr\u017eat \u0107e Ante Cura\u0107, dugogodi\u0161nji turisti\u010dki djelatnik i kurijozni amater u povijesti.<\/p>\n","protected":false},"author":3,"featured_media":1661,"template":"","meta":{"_et_pb_use_builder":"","_et_pb_old_content":"","_et_gb_content_width":"","_tribe_events_status":"","_tribe_events_status_reason":"","footnotes":""},"tags":[],"tribe_events_cat":[],"class_list":["post-1654","tribe_events","type-tribe_events","status-publish","has-post-thumbnail","hentry"],"_links":{"self":[{"href":"https:\/\/gk-korcula.hr\/nova\/wp-json\/wp\/v2\/tribe_events\/1654","targetHints":{"allow":["GET"]}}],"collection":[{"href":"https:\/\/gk-korcula.hr\/nova\/wp-json\/wp\/v2\/tribe_events"}],"about":[{"href":"https:\/\/gk-korcula.hr\/nova\/wp-json\/wp\/v2\/types\/tribe_events"}],"author":[{"embeddable":true,"href":"https:\/\/gk-korcula.hr\/nova\/wp-json\/wp\/v2\/users\/3"}],"version-history":[{"count":1,"href":"https:\/\/gk-korcula.hr\/nova\/wp-json\/wp\/v2\/tribe_events\/1654\/revisions"}],"predecessor-version":[{"id":1656,"href":"https:\/\/gk-korcula.hr\/nova\/wp-json\/wp\/v2\/tribe_events\/1654\/revisions\/1656"}],"wp:featuredmedia":[{"embeddable":true,"href":"https:\/\/gk-korcula.hr\/nova\/wp-json\/wp\/v2\/media\/1661"}],"wp:attachment":[{"href":"https:\/\/gk-korcula.hr\/nova\/wp-json\/wp\/v2\/media?parent=1654"}],"wp:term":[{"taxonomy":"post_tag","embeddable":true,"href":"https:\/\/gk-korcula.hr\/nova\/wp-json\/wp\/v2\/tags?post=1654"},{"taxonomy":"tribe_events_cat","embeddable":true,"href":"https:\/\/gk-korcula.hr\/nova\/wp-json\/wp\/v2\/tribe_events_cat?post=1654"}],"curies":[{"name":"wp","href":"https:\/\/api.w.org\/{rel}","templated":true}]}}

Korčula pod dominacijom Venecije u XV. stoljeću

<p>Predavanje temeljeno na knjizi<em> Korčula pod Venecijom u XV. stoljeću</em> autora Olivera Jensa Schmitta održat će Ante Curać, dugogodišnji turistički djelatnik i kurijozni amater u povijesti.</p>

<p>Predavanje temeljeno na knjizi Korčula pod Venecijom u XV. stoljeću autora Olivera Jensa Schmitta održat će Ante Curać, dugogodišnji turistički djelatnik i kurijozni amater u povijesti.</p>
