{"id":1673,"date":"2025-02-03T08:41:56","date_gmt":"2025-02-03T07:41:56","guid":{"rendered":"https:\/\/gk-korcula.hr\/nova\/?post_type=tribe_events&#038;p=1673"},"modified":"2025-02-03T08:41:56","modified_gmt":"2025-02-03T07:41:56","slug":"korcula-pod-dominacijom-venecije-u-xv-stoljecu-drugi-dio-zemlja","status":"publish","type":"tribe_events","link":"https:\/\/gk-korcula.hr\/nova\/dogadaj\/korcula-pod-dominacijom-venecije-u-xv-stoljecu-drugi-dio-zemlja\/","title":{"rendered":"Kor\u010dula pod dominacijom Venecije u XV. stolje\u0107u, drugi dio: Zemlja"},"content":{"rendered":"<p>Drugo predavanje temeljeno na knjizi<em>\u00a0Kor\u010dula pod Venecijom u XV. stolje\u0107u<\/em> autora Olivera Jensa Schmitta odr\u017eat \u0107e Ante Cura\u0107, dugogodi\u0161nji turisti\u010dki djelatnik i kurijozni amater u povijesti. Tema drugog predavanja je zemlja.<\/p>\n","protected":false},"excerpt":{"rendered":"<p>Drugo predavanje temeljeno na knjizi\u00a0Kor\u010dula pod Venecijom u XV. stolje\u0107u autora Olivera Jensa Schmitta odr\u017eat \u0107e Ante Cura\u0107, dugogodi\u0161nji turisti\u010dki djelatnik i kurijozni amater u povijesti. Tema drugog predavanja je [&hellip;]<\/p>\n","protected":false},"author":3,"featured_media":1671,"template":"","meta":{"_et_pb_use_builder":"","_et_pb_old_content":"","_et_gb_content_width":"","_tribe_events_status":"","_tribe_events_status_reason":"","footnotes":""},"tags":[],"tribe_events_cat":[],"class_list":["post-1673","tribe_events","type-tribe_events","status-publish","has-post-thumbnail","hentry"],"_links":{"self":[{"href":"https:\/\/gk-korcula.hr\/nova\/wp-json\/wp\/v2\/tribe_events\/1673","targetHints":{"allow":["GET"]}}],"collection":[{"href":"https:\/\/gk-korcula.hr\/nova\/wp-json\/wp\/v2\/tribe_events"}],"about":[{"href":"https:\/\/gk-korcula.hr\/nova\/wp-json\/wp\/v2\/types\/tribe_events"}],"author":[{"embeddable":true,"href":"https:\/\/gk-korcula.hr\/nova\/wp-json\/wp\/v2\/users\/3"}],"version-history":[{"count":1,"href":"https:\/\/gk-korcula.hr\/nova\/wp-json\/wp\/v2\/tribe_events\/1673\/revisions"}],"predecessor-version":[{"id":1674,"href":"https:\/\/gk-korcula.hr\/nova\/wp-json\/wp\/v2\/tribe_events\/1673\/revisions\/1674"}],"wp:featuredmedia":[{"embeddable":true,"href":"https:\/\/gk-korcula.hr\/nova\/wp-json\/wp\/v2\/media\/1671"}],"wp:attachment":[{"href":"https:\/\/gk-korcula.hr\/nova\/wp-json\/wp\/v2\/media?parent=1673"}],"wp:term":[{"taxonomy":"post_tag","embeddable":true,"href":"https:\/\/gk-korcula.hr\/nova\/wp-json\/wp\/v2\/tags?post=1673"},{"taxonomy":"tribe_events_cat","embeddable":true,"href":"https:\/\/gk-korcula.hr\/nova\/wp-json\/wp\/v2\/tribe_events_cat?post=1673"}],"curies":[{"name":"wp","href":"https:\/\/api.w.org\/{rel}","templated":true}]}}

Korčula pod dominacijom Venecije u XV. stoljeću, drugi dio: Zemlja

<p>Drugo predavanje temeljeno na knjizi<em> Korčula pod Venecijom u XV. stoljeću</em> autora Olivera Jensa Schmitta održat će Ante Curać, dugogodišnji turistički djelatnik i kurijozni amater u povijesti. Tema drugog predavanja je zemlja.</p>

<p>Drugo predavanje temeljeno na knjizi Korčula pod Venecijom u XV. stoljeću autora Olivera Jensa Schmitta održat će Ante Curać, dugogodišnji turistički djelatnik i kurijozni amater u povijesti. Tema drugog predavanja je [&hellip;]</p>
