{"id":1679,"date":"2025-02-04T10:21:59","date_gmt":"2025-02-04T09:21:59","guid":{"rendered":"https:\/\/gk-korcula.hr\/nova\/?post_type=tribe_events&#038;p=1679"},"modified":"2025-02-04T10:21:59","modified_gmt":"2025-02-04T09:21:59","slug":"predstavljanje-knjige-uvooo-eviva-nam-kumpanija-posa-nam-je-alavija","status":"publish","type":"tribe_events","link":"https:\/\/gk-korcula.hr\/nova\/dogadaj\/predstavljanje-knjige-uvooo-eviva-nam-kumpanija-posa-nam-je-alavija\/","title":{"rendered":"Predstavljanje knjige &#8220;Uvooo! Eviva nam kumpanija, po\u0161a nam je alavija!&#8221;"},"content":{"rendered":"<p>Pozivamo Vas na predstavljanje monografije\u00a0<b><i>Uvooo! Eviva nam kumpanija, po\u0161a nam je alavija! \u2013 etnografija Lastovskoga poklada<\/i><\/b>, autorskog dvojca dr. sc. Jo\u0161ka \u0106alete i dr. sc. Ive Niem\u010di\u0107, a u izdanju Instituta za etnologiju i folkloristiku iz Zagreba te Javne ustanove Park prirode Lastovsko oto\u010dje s otoka Lastova.<u><\/u><u><\/u><u><\/u><\/p>\n<p>\u010cak je 172 Lastovaca sudjelovalo u poduhvatu izrade ove monografije s etnokoreologinjom Ivom Niem\u010di\u0107 i etnomuzikologom Jo\u0161kom \u0106aletom, a rezultat je sveobuhvatan prikaz obi\u010daja u deset poglavlja koji uz mno\u0161tvo arhivske gra\u0111e, fotografija i zabilje\u017eenih sje\u0107anja o obi\u010daju u pro\u0161losti, svjedo\u010di o njegovom \u017eivotu u sada\u0161njosti, zna\u010denju koji ima za zajednicu te percepcijama stru\u010dnjaka i oto\u010dana o reprezentacijama obi\u010daja na sceni i u iseljeni\u0161tvu, kao i nade za njegovu za\u0161titu u budu\u0107nosti. Prilozi na samom kraju knjige naro\u010dito su dragocjeni i tu je najve\u0107i doprinos dalo oto\u010dko uredni\u0161tvo predvo\u0111eno Majom Re\u0161i\u0107, a sastoji se od popisa ispitanika i anketara, tri vremenske lente te popias sanatura, kroja\u010da, izra\u0111iva\u010da bombi, kao i tuma\u010d manje poznatih rije\u010di i izraza. Djelo je dobilo Godi\u0161nju nagradu \u201eMilovan Gavazzi\u02ee za 2022. godinu u kategoriji za\u0161tite kulturne ba\u0161tine.<u><\/u><u><\/u><u><\/u><\/p>\n<p>Monografiju i projekt \u0107e predstaviti urednice Maja Resi\u0107 i dr. sc. Marina Blagai\u0107 Bergman te autori Iva Niem\u010di\u0107 i Jo\u0161ko \u0106aleta. Na promociji \u0107e nastupiti KUD Lastovo.<\/p>\n","protected":false},"excerpt":{"rendered":"<p>Pozivamo Vas na predstavljanje monografije\u00a0Uvooo! Eviva nam kumpanija, po\u0161a nam je alavija! \u2013 etnografija Lastovskoga poklada, autorskog dvojca dr. sc. Jo\u0161ka \u0106alete i dr. sc. Ive Niem\u010di\u0107, a u izdanju [&hellip;]<\/p>\n","protected":false},"author":3,"featured_media":1680,"template":"","meta":{"_et_pb_use_builder":"","_et_pb_old_content":"","_et_gb_content_width":"","_tribe_events_status":"","_tribe_events_status_reason":"","footnotes":""},"tags":[],"tribe_events_cat":[],"class_list":["post-1679","tribe_events","type-tribe_events","status-publish","has-post-thumbnail","hentry"],"_links":{"self":[{"href":"https:\/\/gk-korcula.hr\/nova\/wp-json\/wp\/v2\/tribe_events\/1679","targetHints":{"allow":["GET"]}}],"collection":[{"href":"https:\/\/gk-korcula.hr\/nova\/wp-json\/wp\/v2\/tribe_events"}],"about":[{"href":"https:\/\/gk-korcula.hr\/nova\/wp-json\/wp\/v2\/types\/tribe_events"}],"author":[{"embeddable":true,"href":"https:\/\/gk-korcula.hr\/nova\/wp-json\/wp\/v2\/users\/3"}],"version-history":[{"count":1,"href":"https:\/\/gk-korcula.hr\/nova\/wp-json\/wp\/v2\/tribe_events\/1679\/revisions"}],"predecessor-version":[{"id":1681,"href":"https:\/\/gk-korcula.hr\/nova\/wp-json\/wp\/v2\/tribe_events\/1679\/revisions\/1681"}],"wp:featuredmedia":[{"embeddable":true,"href":"https:\/\/gk-korcula.hr\/nova\/wp-json\/wp\/v2\/media\/1680"}],"wp:attachment":[{"href":"https:\/\/gk-korcula.hr\/nova\/wp-json\/wp\/v2\/media?parent=1679"}],"wp:term":[{"taxonomy":"post_tag","embeddable":true,"href":"https:\/\/gk-korcula.hr\/nova\/wp-json\/wp\/v2\/tags?post=1679"},{"taxonomy":"tribe_events_cat","embeddable":true,"href":"https:\/\/gk-korcula.hr\/nova\/wp-json\/wp\/v2\/tribe_events_cat?post=1679"}],"curies":[{"name":"wp","href":"https:\/\/api.w.org\/{rel}","templated":true}]}}

Predstavljanje knjige &#8220;Uvooo! Eviva nam kumpanija, poša nam je alavija!&#8221;

<p>Pozivamo Vas na predstavljanje monografije <b><i>Uvooo! Eviva nam kumpanija, poša nam je alavija! – etnografija Lastovskoga poklada</i></b>, autorskog dvojca dr. sc. Joška Ćalete i dr. sc. Ive Niemčić, a u izdanju Instituta za etnologiju i folkloristiku iz Zagreba te Javne ustanove Park prirode Lastovsko otočje s otoka Lastova.<u></u><u></u><u></u></p>
<p>Čak je 172 Lastovaca sudjelovalo u poduhvatu izrade ove monografije s etnokoreologinjom Ivom Niemčić i etnomuzikologom Joškom Ćaletom, a rezultat je sveobuhvatan prikaz običaja u deset poglavlja koji uz mnoštvo arhivske građe, fotografija i zabilježenih sjećanja o običaju u prošlosti, svjedoči o njegovom životu u sadašnjosti, značenju koji ima za zajednicu te percepcijama stručnjaka i otočana o reprezentacijama običaja na sceni i u iseljeništvu, kao i nade za njegovu zaštitu u budućnosti. Prilozi na samom kraju knjige naročito su dragocjeni i tu je najveći doprinos dalo otočko uredništvo predvođeno Majom Rešić, a sastoji se od popisa ispitanika i anketara, tri vremenske lente te popias sanatura, krojača, izrađivača bombi, kao i tumač manje poznatih riječi i izraza. Djelo je dobilo Godišnju nagradu „Milovan Gavazziˮ za 2022. godinu u kategoriji zaštite kulturne baštine.<u></u><u></u><u></u></p>
<p>Monografiju i projekt će predstaviti urednice Maja Resić i dr. sc. Marina Blagaić Bergman te autori Iva Niemčić i Joško Ćaleta. Na promociji će nastupiti KUD Lastovo.</p>

<p>Pozivamo Vas na predstavljanje monografije Uvooo! Eviva nam kumpanija, poša nam je alavija! – etnografija Lastovskoga poklada, autorskog dvojca dr. sc. Joška Ćalete i dr. sc. Ive Niemčić, a u izdanju [&hellip;]</p>
