{"id":1751,"date":"2025-03-10T09:18:21","date_gmt":"2025-03-10T08:18:21","guid":{"rendered":"https:\/\/gk-korcula.hr\/nova\/?post_type=tribe_events&#038;p=1751"},"modified":"2025-03-10T09:18:41","modified_gmt":"2025-03-10T08:18:41","slug":"kako-jesti-kvalitetno-i-pri-tome-stedjeti-predavanje","status":"publish","type":"tribe_events","link":"https:\/\/gk-korcula.hr\/nova\/dogadaj\/kako-jesti-kvalitetno-i-pri-tome-stedjeti-predavanje\/","title":{"rendered":"Kako jesti kvalitetno i pri tome \u0161tedjeti? [Predavanje]"},"content":{"rendered":"<p>Predavanje \u201eKako jesti kvalitetno i pri tome \u0161tedjeti?\u201c odr\u017eat \u0107e se u srijedu, 26. o\u017eujka 2025. u Gradskoj knji\u017enici <em>Ivan Vidali<\/em>, s po\u010detkom u 18 sati.<br \/>\nNa predavanju \u0107e se istaknuti vrijednosti neprera\u0111enih namirnica i doma\u0107e kuhinje u o\u010duvanju zdravlja i vitalnosti.<\/p>\n<p>Na prakti\u010dnim primjerima \u0107e se prikazati kako na jednostavan na\u010din smanjiti prisutnost polugotove i gotove hrane u prehrani, a time i unos, za organizam, potencijalno \u0161tetnih aditiva. Dat \u0107e se ideje kako visokoprera\u0111ene namirnice zamijeniti kvalitetnijima te kako sami mo\u017eemo napraviti proizvode koje ina\u010de skupo pla\u0107amo (npr. energetske plo\u010dice).<\/p>\n<p>Doznat \u0107emo kako mudrim odabirom namirnica pozitivno utjecati na pobolj\u0161anje prehrambenih navika obitelji i pri tome \u0161tedjeti, odnosno pokazat \u0107e se da, suprotno uvrije\u017eenom mi\u0161ljenju, kvalitetna i raznolika<br \/>\nprehrana ne mora biti skupa.<\/p>\n<p>Predavanje ima za cilj pomo\u0107i nam vratiti se izvornim, neprera\u0111enim namirnicama, pobolj\u0161ati prehrambene navike, kako bismo, zajedno s tjelovje\u017ebom, doprinijeli svom zdravlju i vitalnosti.<\/p>\n<p>Predavanje traje oko 1 sat i namijenjeno je svim zainteresiranima.<\/p>\n<p>Radujemo se Va\u0161em dolasku!<\/p>\n<p>&#8212;&#8212;&#8212;&#8212;&#8212;&#8212;&#8212;&#8212;&#8212;&#8212;<wbr \/>&#8212;&#8212;&#8212;&#8212;&#8212;&#8211;<br \/>\nVoditeljica edukacije je <span class=\"il\">Vesna<\/span>\u00a0<span class=\"il\">Bosanac<\/span>. Diplomirala je i doktorirala nutricionizam na \u201cPrehrambeno-biotehnolo\u0161kom fakultetu\u201d u Zagrebu. Kroz radionice, predavanja te savjetovanja o prehrani poma\u017ee djeci i<br \/>\nmladima pobolj\u0161ati prehrambene navike s ciljem pravilnog rasta i razvoja te odraslima u cilju prevencije bolesti i o\u010duvanja vitalnosti. Autorica je knjige \u201cPrehrana mladih sporta\u0161a\u201d, slikovnice o prehrani <span class=\"im\">&#8220;Na\u0161 veseli dan&#8221; te edukativnih puzzli &#8220;Gra\u0161ko Nesta\u0161ko&#8221;.<\/span><\/p>\n<p><span class=\"il\">Vesna<\/span> je vlasnica obrta za savjetovanje o prehrani, \u201cPrehrana sporta\u0161a\u201d. Bavi se znanstvenim radom.<br \/>\nVi\u0161e o Vesninom radu mo\u017eete prona\u0107i na <a href=\"http:\/\/www.prehranasportasa.com\/\" target=\"_blank\" rel=\"noopener noreferrer\" data-saferedirecturl=\"https:\/\/www.google.com\/url?q=http:\/\/www.prehranasportasa.com&amp;source=gmail&amp;ust=1741680480573000&amp;usg=AOvVaw1I9z9elB9Xlurmt6dAXOkT\">www.prehranasportasa.com<\/a><\/p>\n","protected":false},"excerpt":{"rendered":"<p>Predavanje \u201eKako jesti kvalitetno i pri tome \u0161tedjeti?\u201c odr\u017eat \u0107e se u srijedu, 26. o\u017eujka 2025. u Gradskoj knji\u017enici Ivan Vidali, s po\u010detkom u 18 sati. Na predavanju \u0107e se [&hellip;]<\/p>\n","protected":false},"author":3,"featured_media":1748,"template":"","meta":{"_et_pb_use_builder":"","_et_pb_old_content":"","_et_gb_content_width":"","_tribe_events_status":"","_tribe_events_status_reason":"","footnotes":""},"tags":[],"tribe_events_cat":[],"class_list":["post-1751","tribe_events","type-tribe_events","status-publish","has-post-thumbnail","hentry"],"_links":{"self":[{"href":"https:\/\/gk-korcula.hr\/nova\/wp-json\/wp\/v2\/tribe_events\/1751","targetHints":{"allow":["GET"]}}],"collection":[{"href":"https:\/\/gk-korcula.hr\/nova\/wp-json\/wp\/v2\/tribe_events"}],"about":[{"href":"https:\/\/gk-korcula.hr\/nova\/wp-json\/wp\/v2\/types\/tribe_events"}],"author":[{"embeddable":true,"href":"https:\/\/gk-korcula.hr\/nova\/wp-json\/wp\/v2\/users\/3"}],"version-history":[{"count":2,"href":"https:\/\/gk-korcula.hr\/nova\/wp-json\/wp\/v2\/tribe_events\/1751\/revisions"}],"predecessor-version":[{"id":1753,"href":"https:\/\/gk-korcula.hr\/nova\/wp-json\/wp\/v2\/tribe_events\/1751\/revisions\/1753"}],"wp:featuredmedia":[{"embeddable":true,"href":"https:\/\/gk-korcula.hr\/nova\/wp-json\/wp\/v2\/media\/1748"}],"wp:attachment":[{"href":"https:\/\/gk-korcula.hr\/nova\/wp-json\/wp\/v2\/media?parent=1751"}],"wp:term":[{"taxonomy":"post_tag","embeddable":true,"href":"https:\/\/gk-korcula.hr\/nova\/wp-json\/wp\/v2\/tags?post=1751"},{"taxonomy":"tribe_events_cat","embeddable":true,"href":"https:\/\/gk-korcula.hr\/nova\/wp-json\/wp\/v2\/tribe_events_cat?post=1751"}],"curies":[{"name":"wp","href":"https:\/\/api.w.org\/{rel}","templated":true}]}}

Kako jesti kvalitetno i pri tome štedjeti? [Predavanje]

<p>Predavanje „Kako jesti kvalitetno i pri tome štedjeti?“ održat će se u srijedu, 26. ožujka 2025. u Gradskoj knjižnici <em>Ivan Vidali</em>, s početkom u 18 sati.<br />
Na predavanju će se istaknuti vrijednosti neprerađenih namirnica i domaće kuhinje u očuvanju zdravlja i vitalnosti.</p>
<p>Na praktičnim primjerima će se prikazati kako na jednostavan način smanjiti prisutnost polugotove i gotove hrane u prehrani, a time i unos, za organizam, potencijalno štetnih aditiva. Dat će se ideje kako visokoprerađene namirnice zamijeniti kvalitetnijima te kako sami možemo napraviti proizvode koje inače skupo plaćamo (npr. energetske pločice).</p>
<p>Doznat ćemo kako mudrim odabirom namirnica pozitivno utjecati na poboljšanje prehrambenih navika obitelji i pri tome štedjeti, odnosno pokazat će se da, suprotno uvriježenom mišljenju, kvalitetna i raznolika<br />
prehrana ne mora biti skupa.</p>
<p>Predavanje ima za cilj pomoći nam vratiti se izvornim, neprerađenim namirnicama, poboljšati prehrambene navike, kako bismo, zajedno s tjelovježbom, doprinijeli svom zdravlju i vitalnosti.</p>
<p>Predavanje traje oko 1 sat i namijenjeno je svim zainteresiranima.</p>
<p>Radujemo se Vašem dolasku!</p>
<p>&#8212;&#8212;&#8212;&#8212;&#8212;&#8212;&#8212;&#8212;&#8212;&#8212;<wbr />&#8212;&#8212;&#8212;&#8212;&#8212;&#8211;<br />
Voditeljica edukacije je <span class="il">Vesna</span> <span class="il">Bosanac</span>. Diplomirala je i doktorirala nutricionizam na “Prehrambeno-biotehnološkom fakultetu” u Zagrebu. Kroz radionice, predavanja te savjetovanja o prehrani pomaže djeci i<br />
mladima poboljšati prehrambene navike s ciljem pravilnog rasta i razvoja te odraslima u cilju prevencije bolesti i očuvanja vitalnosti. Autorica je knjige “Prehrana mladih sportaša”, slikovnice o prehrani <span class="im">&#8220;Naš veseli dan&#8221; te edukativnih puzzli &#8220;Graško Nestaško&#8221;.</span></p>
<p><span class="il">Vesna</span> je vlasnica obrta za savjetovanje o prehrani, “Prehrana sportaša”. Bavi se znanstvenim radom.<br />
Više o Vesninom radu možete pronaći na <a href="http://www.prehranasportasa.com/" target="_blank" rel="noopener noreferrer" data-saferedirecturl="https://www.google.com/url?q=http://www.prehranasportasa.com&amp;source=gmail&amp;ust=1741680480573000&amp;usg=AOvVaw1I9z9elB9Xlurmt6dAXOkT">www.prehranasportasa.com</a></p>

<p>Predavanje „Kako jesti kvalitetno i pri tome štedjeti?“ održat će se u srijedu, 26. ožujka 2025. u Gradskoj knjižnici Ivan Vidali, s početkom u 18 sati. Na predavanju će se [&hellip;]</p>
