{"id":1759,"date":"2025-03-10T10:35:56","date_gmt":"2025-03-10T09:35:56","guid":{"rendered":"https:\/\/gk-korcula.hr\/nova\/?post_type=tribe_events&#038;p=1759"},"modified":"2025-03-10T10:35:56","modified_gmt":"2025-03-10T09:35:56","slug":"medunarodnog-dana-djecje-knjige","status":"publish","type":"tribe_events","link":"https:\/\/gk-korcula.hr\/nova\/dogadaj\/medunarodnog-dana-djecje-knjige\/","title":{"rendered":"Me\u0111unarodnog dana dje\u010dje knjige"},"content":{"rendered":"<p>Svake godine 2. travnja, prigodom obilje\u017eavanja ro\u0111endana Hansa Christiana Andersena, slavi se Me\u0111unarodni dan dje\u010dje knjige (International Children&amp;#39;s Book Day- ICBD) kako bi se potakla ljubav prema \u010ditanju i istakla va\u017enost knjiga za djecu. Me\u0111unarodni odbor za knjige za mlade (International Bord on Books for Young People &#8211; IBBY), neprofitno je udru\u017eenje koje obilje\u017eava ovaj doga\u0111aj od 1967., a svake je godine pokrovitelj jedna od \u010dlanica koja osmi\u0161ljava poruku i poster za sve sekcije. Ove godine, 2025., to je IBBY Nizozemska, a naslov poruke za Me\u0111unarodni dan dje\u010dje knjige je Jezik slika. Poruku je napisala Rian<br \/>\nVisser, a poster je likovno osmislila Janneke Ipenburg. Sloboda ma\u0161te sredi\u0161nja je tema Me\u0111unarodnog dana dje\u010dje knjige za 2025. godinu. IBBY vjeruje da \u0107e poticanje ma\u0161te doprinijeti me\u0111usobnom razumijevanju i toleranciji.<\/p>\n","protected":false},"excerpt":{"rendered":"<p>Svake godine 2. travnja, prigodom obilje\u017eavanja ro\u0111endana Hansa Christiana Andersena, slavi se Me\u0111unarodni dan dje\u010dje knjige (International Children&amp;#39;s Book Day- ICBD) kako bi se potakla ljubav prema \u010ditanju i istakla [&hellip;]<\/p>\n","protected":false},"author":3,"featured_media":1760,"template":"","meta":{"_et_pb_use_builder":"","_et_pb_old_content":"","_et_gb_content_width":"","_tribe_events_status":"","_tribe_events_status_reason":"","footnotes":""},"tags":[],"tribe_events_cat":[],"class_list":["post-1759","tribe_events","type-tribe_events","status-publish","has-post-thumbnail","hentry"],"_links":{"self":[{"href":"https:\/\/gk-korcula.hr\/nova\/wp-json\/wp\/v2\/tribe_events\/1759","targetHints":{"allow":["GET"]}}],"collection":[{"href":"https:\/\/gk-korcula.hr\/nova\/wp-json\/wp\/v2\/tribe_events"}],"about":[{"href":"https:\/\/gk-korcula.hr\/nova\/wp-json\/wp\/v2\/types\/tribe_events"}],"author":[{"embeddable":true,"href":"https:\/\/gk-korcula.hr\/nova\/wp-json\/wp\/v2\/users\/3"}],"version-history":[{"count":1,"href":"https:\/\/gk-korcula.hr\/nova\/wp-json\/wp\/v2\/tribe_events\/1759\/revisions"}],"predecessor-version":[{"id":1761,"href":"https:\/\/gk-korcula.hr\/nova\/wp-json\/wp\/v2\/tribe_events\/1759\/revisions\/1761"}],"wp:featuredmedia":[{"embeddable":true,"href":"https:\/\/gk-korcula.hr\/nova\/wp-json\/wp\/v2\/media\/1760"}],"wp:attachment":[{"href":"https:\/\/gk-korcula.hr\/nova\/wp-json\/wp\/v2\/media?parent=1759"}],"wp:term":[{"taxonomy":"post_tag","embeddable":true,"href":"https:\/\/gk-korcula.hr\/nova\/wp-json\/wp\/v2\/tags?post=1759"},{"taxonomy":"tribe_events_cat","embeddable":true,"href":"https:\/\/gk-korcula.hr\/nova\/wp-json\/wp\/v2\/tribe_events_cat?post=1759"}],"curies":[{"name":"wp","href":"https:\/\/api.w.org\/{rel}","templated":true}]}}

Međunarodnog dana dječje knjige

<p>Svake godine 2. travnja, prigodom obilježavanja rođendana Hansa Christiana Andersena, slavi se Međunarodni dan dječje knjige (International Children&amp;#39;s Book Day- ICBD) kako bi se potakla ljubav prema čitanju i istakla važnost knjiga za djecu. Međunarodni odbor za knjige za mlade (International Bord on Books for Young People &#8211; IBBY), neprofitno je udruženje koje obilježava ovaj događaj od 1967., a svake je godine pokrovitelj jedna od članica koja osmišljava poruku i poster za sve sekcije. Ove godine, 2025., to je IBBY Nizozemska, a naslov poruke za Međunarodni dan dječje knjige je Jezik slika. Poruku je napisala Rian<br />
Visser, a poster je likovno osmislila Janneke Ipenburg. Sloboda mašte središnja je tema Međunarodnog dana dječje knjige za 2025. godinu. IBBY vjeruje da će poticanje mašte doprinijeti međusobnom razumijevanju i toleranciji.</p>

<p>Svake godine 2. travnja, prigodom obilježavanja rođendana Hansa Christiana Andersena, slavi se Međunarodni dan dječje knjige (International Children&amp;#39;s Book Day- ICBD) kako bi se potakla ljubav prema čitanju i istakla [&hellip;]</p>
