{"id":1903,"date":"2025-04-24T17:55:22","date_gmt":"2025-04-24T15:55:22","guid":{"rendered":"https:\/\/gk-korcula.hr\/nova\/?post_type=tribe_events&#038;p=1903"},"modified":"2025-04-24T17:55:22","modified_gmt":"2025-04-24T15:55:22","slug":"uz-pristanak-vjetra-impresije-o-otocnom-zivotu","status":"publish","type":"tribe_events","link":"https:\/\/gk-korcula.hr\/nova\/dogadaj\/uz-pristanak-vjetra-impresije-o-otocnom-zivotu\/","title":{"rendered":"&#8220;Uz pristanak vjetra &#8211; impresije o oto\u010dnom \u017eivotu&#8221;"},"content":{"rendered":"<div class=\"xdj266r x11i5rnm xat24cr x1mh8g0r x1vvkbs\">Tri oto\u010dna LAG-a: LAG Bra\u010d, LAG \u0160koji i LAG 5, provodila su projekt O-kupi otok od 2022. do 2024. godine s ciljem o\u010duvanja i promocije gastronomsko-kulturne ba\u0161tine i agrobioraznolikosti otoka edukacijom i razmjenom znanja te osna\u017eivanjem razvojnih resursa kroz organizaciju studijskih posjeta, festivala i sajma oto\u010dnih proizvoda.<\/div>\n<div class=\"x11i5rnm xat24cr x1mh8g0r x1vvkbs xtlvy1s\">Krajem pro\u0161le godine iz tiska je iza\u0161la dvojezi\u010dna publikacija \u201eUz pristanak vjetra \u2013 impresije o oto\u010dnom \u017eivotu\u201c, nastala u sklopu projekta suradnje oto\u010dnih LAG-ova O-kupi otok.<\/div>\n<div class=\"x11i5rnm xat24cr x1mh8g0r x1vvkbs xtlvy1s\">Publikacija &#8220;Uz pristanak vjetra&#8221; predstavlja zbirku kratkih pri\u010da i impresija o oto\u010dnom \u017eivotu i naslje\u0111u hrane kao dubokom izrazu lokalnog na\u010dina \u017eivota na engleskom i hrvatskom jeziku. To materijalno i nematerijalno naslije\u0111e obuhva\u0107a divlje i uzgojne vrste, sorte i pasmine, prenesena znanja i vje\u0161tine o proizvodnji, \u010duvanju i blagovanju hrane, obi\u010daje i jezik oto\u010dana, ali i graditeljsku ba\u0161tinu povezanu s tradicionalnim na\u010dinom \u017eivota.<\/div>\n<div class=\"x11i5rnm xat24cr x1mh8g0r x1vvkbs xtlvy1s\">Autor koncepta i teksta publikacije je magistar filozofije i pisac Ivo Kara-Pe\u0161i\u0107, dugogodi\u0161nji promotor gastronomskog i kulturnog naslje\u0111a hrane kroz udrugu Kinookus iz Dubrovnika, koji \u0107e 05. svibnja biti na\u0161 gost, u dru\u0161tvu ostalih LAG-ovaca u Gradskoj knji\u017enici Ivan Vidali u Kor\u010duli, i ovom prilikom predstaviti kako je nastala ova zanimljiva i jedinstvena publikacija.<\/div>\n<div class=\"x11i5rnm xat24cr x1mh8g0r x1vvkbs xtlvy1s\">\ud835\udc0b\ud835\udc00\ud835\udc06 \ud835\udfd3 \ud835\udc15\ud835\udc1a\ud835\udc2c \ud835\udc29\ud835\udc28\ud835\udc33\ud835\udc22\ud835\udc2f\ud835\udc1a \ud835\udc1d\ud835\udc1a \ud835\udc27\ud835\udc1a\ud835\udc26 \ud835\udc2c\ud835\udc1e \ud835\udc29\ud835\udc2b\ud835\udc22\ud835\udc1d\ud835\udc2b\ud835\udc2e\u017e\ud835\udc22\ud835\udc2d\ud835\udc1e \ud835\udc2e \ud835\udc29\ud835\udc28\ud835\udc27\ud835\udc1e\ud835\udc1d\ud835\udc23\ud835\udc1e\ud835\udc25\ud835\udc23\ud835\udc1a\ud835\udc24, \ud835\udfce\ud835\udfd3. \ud835\udc2c\ud835\udc2f\ud835\udc22\ud835\udc1b\ud835\udc27\ud835\udc23\ud835\udc1a \ud835\udfd0\ud835\udfce\ud835\udfd0\ud835\udfd3. \ud835\udc20\ud835\udc28\ud835\udc1d\ud835\udc22\ud835\udc27\ud835\udc1e \ud835\udc2e \ud835\udfcf\ud835\udfd7 \ud835\udc2c\ud835\udc1a\ud835\udc2d\ud835\udc22, \ud835\udc27\ud835\udc1a \ud835\udc27\ud835\udc1a\u0161\ud835\udc28\ud835\udc23 \ud835\udc28\ud835\udc26\ud835\udc22\ud835\udc25\ud835\udc23\ud835\udc1e\ud835\udc27\ud835\udc28\ud835\udc23 \ud835\udc25\ud835\udc28\ud835\udc24\ud835\udc1a\ud835\udc1c\ud835\udc22\ud835\udc23\ud835\udc22, \ud835\udc2e \ud835\udc06\ud835\udc2b\ud835\udc1a\ud835\udc1d\ud835\udc2c\ud835\udc24\ud835\udc28\ud835\udc23 \ud835\udc24\ud835\udc27\ud835\udc23\ud835\udc22\u017e\ud835\udc27\ud835\udc22\ud835\udc1c\ud835\udc22 \ud835\udc08\ud835\udc2f\ud835\udc1a\ud835\udc27 \ud835\udc15\ud835\udc22\ud835\udc1d\ud835\udc1a\ud835\udc25\ud835\udc22.<\/div>\n","protected":false},"excerpt":{"rendered":"<p>Tri oto\u010dna LAG-a: LAG Bra\u010d, LAG \u0160koji i LAG 5, provodila su projekt O-kupi otok od 2022. do 2024. godine s ciljem o\u010duvanja i promocije gastronomsko-kulturne ba\u0161tine i agrobioraznolikosti otoka [&hellip;]<\/p>\n","protected":false},"author":3,"featured_media":1904,"template":"","meta":{"_et_pb_use_builder":"","_et_pb_old_content":"","_et_gb_content_width":"","_tribe_events_status":"","_tribe_events_status_reason":"","footnotes":""},"tags":[],"tribe_events_cat":[],"class_list":["post-1903","tribe_events","type-tribe_events","status-publish","has-post-thumbnail","hentry"],"_links":{"self":[{"href":"https:\/\/gk-korcula.hr\/nova\/wp-json\/wp\/v2\/tribe_events\/1903","targetHints":{"allow":["GET"]}}],"collection":[{"href":"https:\/\/gk-korcula.hr\/nova\/wp-json\/wp\/v2\/tribe_events"}],"about":[{"href":"https:\/\/gk-korcula.hr\/nova\/wp-json\/wp\/v2\/types\/tribe_events"}],"author":[{"embeddable":true,"href":"https:\/\/gk-korcula.hr\/nova\/wp-json\/wp\/v2\/users\/3"}],"version-history":[{"count":2,"href":"https:\/\/gk-korcula.hr\/nova\/wp-json\/wp\/v2\/tribe_events\/1903\/revisions"}],"predecessor-version":[{"id":1906,"href":"https:\/\/gk-korcula.hr\/nova\/wp-json\/wp\/v2\/tribe_events\/1903\/revisions\/1906"}],"wp:featuredmedia":[{"embeddable":true,"href":"https:\/\/gk-korcula.hr\/nova\/wp-json\/wp\/v2\/media\/1904"}],"wp:attachment":[{"href":"https:\/\/gk-korcula.hr\/nova\/wp-json\/wp\/v2\/media?parent=1903"}],"wp:term":[{"taxonomy":"post_tag","embeddable":true,"href":"https:\/\/gk-korcula.hr\/nova\/wp-json\/wp\/v2\/tags?post=1903"},{"taxonomy":"tribe_events_cat","embeddable":true,"href":"https:\/\/gk-korcula.hr\/nova\/wp-json\/wp\/v2\/tribe_events_cat?post=1903"}],"curies":[{"name":"wp","href":"https:\/\/api.w.org\/{rel}","templated":true}]}}

&#8220;Uz pristanak vjetra &#8211; impresije o otočnom životu&#8221;

<div class="xdj266r x11i5rnm xat24cr x1mh8g0r x1vvkbs">Tri otočna LAG-a: LAG Brač, LAG Škoji i LAG 5, provodila su projekt O-kupi otok od 2022. do 2024. godine s ciljem očuvanja i promocije gastronomsko-kulturne baštine i agrobioraznolikosti otoka edukacijom i razmjenom znanja te osnaživanjem razvojnih resursa kroz organizaciju studijskih posjeta, festivala i sajma otočnih proizvoda.</div>
<div class="x11i5rnm xat24cr x1mh8g0r x1vvkbs xtlvy1s">Krajem prošle godine iz tiska je izašla dvojezična publikacija „Uz pristanak vjetra – impresije o otočnom životu“, nastala u sklopu projekta suradnje otočnih LAG-ova O-kupi otok.</div>
<div class="x11i5rnm xat24cr x1mh8g0r x1vvkbs xtlvy1s">Publikacija &#8220;Uz pristanak vjetra&#8221; predstavlja zbirku kratkih priča i impresija o otočnom životu i nasljeđu hrane kao dubokom izrazu lokalnog načina života na engleskom i hrvatskom jeziku. To materijalno i nematerijalno naslijeđe obuhvaća divlje i uzgojne vrste, sorte i pasmine, prenesena znanja i vještine o proizvodnji, čuvanju i blagovanju hrane, običaje i jezik otočana, ali i graditeljsku baštinu povezanu s tradicionalnim načinom života.</div>
<div class="x11i5rnm xat24cr x1mh8g0r x1vvkbs xtlvy1s">Autor koncepta i teksta publikacije je magistar filozofije i pisac Ivo Kara-Pešić, dugogodišnji promotor gastronomskog i kulturnog nasljeđa hrane kroz udrugu Kinookus iz Dubrovnika, koji će 05. svibnja biti naš gost, u društvu ostalih LAG-ovaca u Gradskoj knjižnici Ivan Vidali u Korčuli, i ovom prilikom predstaviti kako je nastala ova zanimljiva i jedinstvena publikacija.</div>
<div class="x11i5rnm xat24cr x1mh8g0r x1vvkbs xtlvy1s">𝐋𝐀𝐆 𝟓 𝐕𝐚𝐬 𝐩𝐨𝐳𝐢𝐯𝐚 𝐝𝐚 𝐧𝐚𝐦 𝐬𝐞 𝐩𝐫𝐢𝐝𝐫𝐮ž𝐢𝐭𝐞 𝐮 𝐩𝐨𝐧𝐞𝐝𝐣𝐞𝐥𝐣𝐚𝐤, 𝟎𝟓. 𝐬𝐯𝐢𝐛𝐧𝐣𝐚 𝟐𝟎𝟐𝟓. 𝐠𝐨𝐝𝐢𝐧𝐞 𝐮 𝟏𝟗 𝐬𝐚𝐭𝐢, 𝐧𝐚 𝐧𝐚š𝐨𝐣 𝐨𝐦𝐢𝐥𝐣𝐞𝐧𝐨𝐣 𝐥𝐨𝐤𝐚𝐜𝐢𝐣𝐢, 𝐮 𝐆𝐫𝐚𝐝𝐬𝐤𝐨𝐣 𝐤𝐧𝐣𝐢ž𝐧𝐢𝐜𝐢 𝐈𝐯𝐚𝐧 𝐕𝐢𝐝𝐚𝐥𝐢.</div>

<p>Tri otočna LAG-a: LAG Brač, LAG Škoji i LAG 5, provodila su projekt O-kupi otok od 2022. do 2024. godine s ciljem očuvanja i promocije gastronomsko-kulturne baštine i agrobioraznolikosti otoka [&hellip;]</p>
