{"id":1960,"date":"2025-04-28T11:42:58","date_gmt":"2025-04-28T09:42:58","guid":{"rendered":"https:\/\/gk-korcula.hr\/nova\/?post_type=tribe_events&#038;p=1960"},"modified":"2025-04-28T11:42:58","modified_gmt":"2025-04-28T09:42:58","slug":"4-okrugli-stol-o-potencijalima-razvitka-manjih-mjesta-i-gradova-promicanjem-knjige-i-citanja","status":"publish","type":"tribe_events","link":"https:\/\/gk-korcula.hr\/nova\/dogadaj\/4-okrugli-stol-o-potencijalima-razvitka-manjih-mjesta-i-gradova-promicanjem-knjige-i-citanja\/","title":{"rendered":"4. okrugli stol o potencijalima razvitka manjih mjesta i gradova promicanjem knjige i \u010ditanja"},"content":{"rendered":"<p>Na 4. okruglom stolu o potencijalima razvitka manjih mjesta i gradova promicanjem knjige i \u010ditanja u fokusu \u0107e biti povezivanje kulture \u010ditanja s gastronomijom, odnosno autohtonim i specifi\u010dnim proizvodima pojedinih (malih) mjesta i regija.<\/p>\n<p>Raspravljat \u0107e se o inovativnim knji\u017eni\u010dnim projektima kojima knji\u017enice u manjim mjestima mogu doprinijeti kulturnom, dru\u0161tvenom, pa i gospodarskom razvoju sredina u kojima djeluju \u2013 stavljaju\u0107i knjigu i \u010ditanje u nov i druga\u010diji, ali prepoznatljiv i autenti\u010dan kontekst.<\/p>\n<p><strong>Mjesto odr\u017eavanja:<\/strong>\u00a0Narodna knji\u017enica Blato, Kor\u010dula<\/p>\n<p><strong>Vrijeme odr\u017eavanja:<\/strong>\u00a023. i 24. svibnja 2025.<\/p>\n<p><strong>Organizator:<br \/>\n<\/strong>Hrvatsko knji\u017eni\u010darsko dru\u0161tvo \u2013 Komisija za \u010ditanje i Sekcija za narodne knji\u017enice<\/p>\n<p><strong>Suorganizator:<br \/>\n<\/strong>Narodna knji\u017enica Blato<br \/>\nGradska knji\u017enica Ivan Vidali Kor\u010dula<br \/>\nKnji\u017eni\u010darsko dru\u0161tvo Dubrovnik<\/p>\n<p><strong>Pokrovitelji:<br \/>\n<\/strong>Op\u0107ina Blato<br \/>\nTuristi\u010dka zajednica op\u0107ine Blato<br \/>\nGrad Kor\u010dula<br \/>\nDubrova\u010dko-neretvanska \u017eupanija<br \/>\nOkrugli stol odr\u017eava se uz potporu Ministarstva kulture i medija RH<\/p>\n<p>Vi\u0161e o skupu i prijava na <a href=\"https:\/\/www.hkdrustvo.hr\/programi\/4-okrugli-stol-o-potencijalima-razvitka-manjih-mjesta-i-gradova-promicanjem-knjige-i-citanja\/\">stranicama Hrvatskog knji\u017eni\u010darskog dru\u0161tva<\/a>.<\/p>\n","protected":false},"excerpt":{"rendered":"<p>Na 4. okruglom stolu o potencijalima razvitka manjih mjesta i gradova promicanjem knjige i \u010ditanja u fokusu \u0107e biti povezivanje kulture \u010ditanja s gastronomijom, odnosno autohtonim i specifi\u010dnim proizvodima pojedinih [&hellip;]<\/p>\n","protected":false},"author":3,"featured_media":1961,"template":"","meta":{"_et_pb_use_builder":"","_et_pb_old_content":"","_et_gb_content_width":"","_tribe_events_status":"","_tribe_events_status_reason":"","footnotes":""},"tags":[],"tribe_events_cat":[],"class_list":["post-1960","tribe_events","type-tribe_events","status-publish","has-post-thumbnail","hentry"],"_links":{"self":[{"href":"https:\/\/gk-korcula.hr\/nova\/wp-json\/wp\/v2\/tribe_events\/1960","targetHints":{"allow":["GET"]}}],"collection":[{"href":"https:\/\/gk-korcula.hr\/nova\/wp-json\/wp\/v2\/tribe_events"}],"about":[{"href":"https:\/\/gk-korcula.hr\/nova\/wp-json\/wp\/v2\/types\/tribe_events"}],"author":[{"embeddable":true,"href":"https:\/\/gk-korcula.hr\/nova\/wp-json\/wp\/v2\/users\/3"}],"version-history":[{"count":1,"href":"https:\/\/gk-korcula.hr\/nova\/wp-json\/wp\/v2\/tribe_events\/1960\/revisions"}],"predecessor-version":[{"id":1962,"href":"https:\/\/gk-korcula.hr\/nova\/wp-json\/wp\/v2\/tribe_events\/1960\/revisions\/1962"}],"wp:featuredmedia":[{"embeddable":true,"href":"https:\/\/gk-korcula.hr\/nova\/wp-json\/wp\/v2\/media\/1961"}],"wp:attachment":[{"href":"https:\/\/gk-korcula.hr\/nova\/wp-json\/wp\/v2\/media?parent=1960"}],"wp:term":[{"taxonomy":"post_tag","embeddable":true,"href":"https:\/\/gk-korcula.hr\/nova\/wp-json\/wp\/v2\/tags?post=1960"},{"taxonomy":"tribe_events_cat","embeddable":true,"href":"https:\/\/gk-korcula.hr\/nova\/wp-json\/wp\/v2\/tribe_events_cat?post=1960"}],"curies":[{"name":"wp","href":"https:\/\/api.w.org\/{rel}","templated":true}]}}

4. okrugli stol o potencijalima razvitka manjih mjesta i gradova promicanjem knjige i čitanja

<p>Na 4. okruglom stolu o potencijalima razvitka manjih mjesta i gradova promicanjem knjige i čitanja u fokusu će biti povezivanje kulture čitanja s gastronomijom, odnosno autohtonim i specifičnim proizvodima pojedinih (malih) mjesta i regija.</p>
<p>Raspravljat će se o inovativnim knjižničnim projektima kojima knjižnice u manjim mjestima mogu doprinijeti kulturnom, društvenom, pa i gospodarskom razvoju sredina u kojima djeluju – stavljajući knjigu i čitanje u nov i drugačiji, ali prepoznatljiv i autentičan kontekst.</p>
<p><strong>Mjesto održavanja:</strong> Narodna knjižnica Blato, Korčula</p>
<p><strong>Vrijeme održavanja:</strong> 23. i 24. svibnja 2025.</p>
<p><strong>Organizator:<br />
</strong>Hrvatsko knjižničarsko društvo – Komisija za čitanje i Sekcija za narodne knjižnice</p>
<p><strong>Suorganizator:<br />
</strong>Narodna knjižnica Blato<br />
Gradska knjižnica Ivan Vidali Korčula<br />
Knjižničarsko društvo Dubrovnik</p>
<p><strong>Pokrovitelji:<br />
</strong>Općina Blato<br />
Turistička zajednica općine Blato<br />
Grad Korčula<br />
Dubrovačko-neretvanska županija<br />
Okrugli stol održava se uz potporu Ministarstva kulture i medija RH</p>
<p>Više o skupu i prijava na <a href="https://www.hkdrustvo.hr/programi/4-okrugli-stol-o-potencijalima-razvitka-manjih-mjesta-i-gradova-promicanjem-knjige-i-citanja/">stranicama Hrvatskog knjižničarskog društva</a>.</p>

<p>Na 4. okruglom stolu o potencijalima razvitka manjih mjesta i gradova promicanjem knjige i čitanja u fokusu će biti povezivanje kulture čitanja s gastronomijom, odnosno autohtonim i specifičnim proizvodima pojedinih [&hellip;]</p>
