{"id":2136,"date":"2025-07-09T09:28:59","date_gmt":"2025-07-09T07:28:59","guid":{"rendered":"https:\/\/gk-korcula.hr\/nova\/?post_type=tribe_events&#038;p=2136"},"modified":"2025-07-09T09:34:07","modified_gmt":"2025-07-09T07:34:07","slug":"pricaonica","status":"publish","type":"tribe_events","link":"https:\/\/gk-korcula.hr\/nova\/dogadaj\/pricaonica\/","title":{"rendered":"Pri\u010daonica"},"content":{"rendered":"<div>Pridru\u017eite nam se u knji\u017enici na veselim pri\u010daonicama i knji\u017eevnim susretima!<\/div>\n<div>\u010cekaju vas najljep\u0161e pri\u010de koje \u0107e \u010ditati na\u0161i knji\u017eni\u010dari i posebni gosti \u2013 autori slikovnica i dje\u010djih knjiga.<\/div>\n<div><\/div>\n<div>Srijeda 16. srpnja 2025. &#8211; Olja Savi\u010devi\u0107 Ivan\u010devi\u0107<\/div>\n<div><\/div>\n<div>Prijava na: https:\/\/tidycal.com\/gradskaknjiznicaivanvidali\/pricaonica<\/div>\n","protected":false},"excerpt":{"rendered":"<p>Pridru\u017eite nam se u knji\u017enici na veselim pri\u010daonicama i knji\u017eevnim susretima! \u010cekaju vas najljep\u0161e pri\u010de koje \u0107e \u010ditati na\u0161i knji\u017eni\u010dari i posebni gosti \u2013 autori slikovnica i dje\u010djih knjiga. Srijeda [&hellip;]<\/p>\n","protected":false},"author":3,"featured_media":2137,"template":"","meta":{"_et_pb_use_builder":"","_et_pb_old_content":"","_et_gb_content_width":"","_tribe_events_status":"","_tribe_events_status_reason":"","footnotes":""},"tags":[],"tribe_events_cat":[],"class_list":["post-2136","tribe_events","type-tribe_events","status-publish","has-post-thumbnail","hentry"],"_links":{"self":[{"href":"https:\/\/gk-korcula.hr\/nova\/wp-json\/wp\/v2\/tribe_events\/2136","targetHints":{"allow":["GET"]}}],"collection":[{"href":"https:\/\/gk-korcula.hr\/nova\/wp-json\/wp\/v2\/tribe_events"}],"about":[{"href":"https:\/\/gk-korcula.hr\/nova\/wp-json\/wp\/v2\/types\/tribe_events"}],"author":[{"embeddable":true,"href":"https:\/\/gk-korcula.hr\/nova\/wp-json\/wp\/v2\/users\/3"}],"version-history":[{"count":2,"href":"https:\/\/gk-korcula.hr\/nova\/wp-json\/wp\/v2\/tribe_events\/2136\/revisions"}],"predecessor-version":[{"id":2139,"href":"https:\/\/gk-korcula.hr\/nova\/wp-json\/wp\/v2\/tribe_events\/2136\/revisions\/2139"}],"wp:featuredmedia":[{"embeddable":true,"href":"https:\/\/gk-korcula.hr\/nova\/wp-json\/wp\/v2\/media\/2137"}],"wp:attachment":[{"href":"https:\/\/gk-korcula.hr\/nova\/wp-json\/wp\/v2\/media?parent=2136"}],"wp:term":[{"taxonomy":"post_tag","embeddable":true,"href":"https:\/\/gk-korcula.hr\/nova\/wp-json\/wp\/v2\/tags?post=2136"},{"taxonomy":"tribe_events_cat","embeddable":true,"href":"https:\/\/gk-korcula.hr\/nova\/wp-json\/wp\/v2\/tribe_events_cat?post=2136"}],"curies":[{"name":"wp","href":"https:\/\/api.w.org\/{rel}","templated":true}]}}

Pričaonica

<div>Pridružite nam se u knjižnici na veselim pričaonicama i književnim susretima!</div>
<div>Čekaju vas najljepše priče koje će čitati naši knjižničari i posebni gosti – autori slikovnica i dječjih knjiga.</div>
<div></div>
<div>Srijeda 16. srpnja 2025. &#8211; Olja Savičević Ivančević</div>
<div></div>
<div>Prijava na: https://tidycal.com/gradskaknjiznicaivanvidali/pricaonica</div>

<p>Pridružite nam se u knjižnici na veselim pričaonicama i književnim susretima! Čekaju vas najljepše priče koje će čitati naši knjižničari i posebni gosti – autori slikovnica i dječjih knjiga. Srijeda [&hellip;]</p>
