{"id":2194,"date":"2025-08-22T15:51:53","date_gmt":"2025-08-22T13:51:53","guid":{"rendered":"https:\/\/gk-korcula.hr\/nova\/?post_type=tribe_events&#038;p=2194"},"modified":"2025-08-22T15:51:53","modified_gmt":"2025-08-22T13:51:53","slug":"predstavljanje-knjige-mi-se-ne-grlimo","status":"publish","type":"tribe_events","link":"https:\/\/gk-korcula.hr\/nova\/dogadaj\/predstavljanje-knjige-mi-se-ne-grlimo\/","title":{"rendered":"Predstavljanje knjige &#8220;Mi se ne grlimo&#8221;"},"content":{"rendered":"<p>Pozivamo vas na predstavjanje knjige &#8220;Mi se ne grlimo&#8221; autorice Nastje Kulovi\u0107 koje \u0107e se odr\u017eati u utorak, 2. rujna, u Gradskoj knji\u017enici <em>Ivan Vidali\u00a0<\/em> s po\u010detkom u 19:00 sati.<\/p>\n<p>U tre\u0107oj knjige Nastje Kulovi\u0107, jo\u0161 jednoj obiteljskoj pri\u010di, upoznajemo \u010detiri razli\u010dita pripovjedna glasa u nekoliko dana ranog ljeta, dok pripremaju proslavu \u0161ezdesetog ro\u0111endana jedne od junakinja. U tih nekoliko dana prije velike proslave ru\u0161e se sve brane, doga\u0111a se zaokret, rije\u010di napokon izlaze van &#8211; tamo gdje im je i mjesto. Nastjini romani su introspektivni, intimisti\u010dki, usmjereni na pojedinca, \u010dime nas poti\u010du na unutarnju promjenu i samoanalizu. Nastja nas uporno poti\u010de da prigrlimo svoje pri\u010de jer su one itekako vrijedne.<\/p>\n","protected":false},"excerpt":{"rendered":"<p>Pozivamo vas na predstavjanje knjige &#8220;Mi se ne grlimo&#8221; autorice Nastje Kulovi\u0107 koje \u0107e se odr\u017eati u utorak, 2. rujna, u Gradskoj knji\u017enici Ivan Vidali\u00a0 s po\u010detkom u 19:00 sati. [&hellip;]<\/p>\n","protected":false},"author":3,"featured_media":2195,"template":"","meta":{"_et_pb_use_builder":"","_et_pb_old_content":"","_et_gb_content_width":"","_tribe_events_status":"","_tribe_events_status_reason":"","footnotes":""},"tags":[],"tribe_events_cat":[],"class_list":["post-2194","tribe_events","type-tribe_events","status-publish","has-post-thumbnail","hentry"],"_links":{"self":[{"href":"https:\/\/gk-korcula.hr\/nova\/wp-json\/wp\/v2\/tribe_events\/2194","targetHints":{"allow":["GET"]}}],"collection":[{"href":"https:\/\/gk-korcula.hr\/nova\/wp-json\/wp\/v2\/tribe_events"}],"about":[{"href":"https:\/\/gk-korcula.hr\/nova\/wp-json\/wp\/v2\/types\/tribe_events"}],"author":[{"embeddable":true,"href":"https:\/\/gk-korcula.hr\/nova\/wp-json\/wp\/v2\/users\/3"}],"version-history":[{"count":1,"href":"https:\/\/gk-korcula.hr\/nova\/wp-json\/wp\/v2\/tribe_events\/2194\/revisions"}],"predecessor-version":[{"id":2196,"href":"https:\/\/gk-korcula.hr\/nova\/wp-json\/wp\/v2\/tribe_events\/2194\/revisions\/2196"}],"wp:featuredmedia":[{"embeddable":true,"href":"https:\/\/gk-korcula.hr\/nova\/wp-json\/wp\/v2\/media\/2195"}],"wp:attachment":[{"href":"https:\/\/gk-korcula.hr\/nova\/wp-json\/wp\/v2\/media?parent=2194"}],"wp:term":[{"taxonomy":"post_tag","embeddable":true,"href":"https:\/\/gk-korcula.hr\/nova\/wp-json\/wp\/v2\/tags?post=2194"},{"taxonomy":"tribe_events_cat","embeddable":true,"href":"https:\/\/gk-korcula.hr\/nova\/wp-json\/wp\/v2\/tribe_events_cat?post=2194"}],"curies":[{"name":"wp","href":"https:\/\/api.w.org\/{rel}","templated":true}]}}

<p>Pozivamo vas na predstavjanje knjige &#8220;Mi se ne grlimo&#8221; autorice Nastje Kulović koje će se održati u utorak, 2. rujna, u Gradskoj knjižnici <em>Ivan Vidali </em> s početkom u 19:00 sati.</p>
<p>U trećoj knjige Nastje Kulović, još jednoj obiteljskoj priči, upoznajemo četiri različita pripovjedna glasa u nekoliko dana ranog ljeta, dok pripremaju proslavu šezdesetog rođendana jedne od junakinja. U tih nekoliko dana prije velike proslave ruše se sve brane, događa se zaokret, riječi napokon izlaze van &#8211; tamo gdje im je i mjesto. Nastjini romani su introspektivni, intimistički, usmjereni na pojedinca, čime nas potiču na unutarnju promjenu i samoanalizu. Nastja nas uporno potiče da prigrlimo svoje priče jer su one itekako vrijedne.</p>

<p>Pozivamo vas na predstavjanje knjige &#8220;Mi se ne grlimo&#8221; autorice Nastje Kulović koje će se održati u utorak, 2. rujna, u Gradskoj knjižnici Ivan Vidali  s početkom u 19:00 sati. [&hellip;]</p>
