{"id":2247,"date":"2025-09-10T10:37:55","date_gmt":"2025-09-10T08:37:55","guid":{"rendered":"https:\/\/gk-korcula.hr\/nova\/?post_type=tribe_events&#038;p=2247"},"modified":"2025-09-10T10:38:52","modified_gmt":"2025-09-10T08:38:52","slug":"knjiznicarima-na-dar-knjizevna-vecer","status":"publish","type":"tribe_events","link":"https:\/\/gk-korcula.hr\/nova\/dogadaj\/knjiznicarima-na-dar-knjizevna-vecer\/","title":{"rendered":"Knji\u017eni\u010darima na dar &#8211; knji\u017eevna ve\u010der"},"content":{"rendered":"<p>U\u010denici Srednje \u0161kole Petra \u0160egedina sa svojim mentoricama predstavit \u0107e multimedijalne projekte u petak, 14. studenoga, s po\u010detkom u 18:00 sati.<\/p>\n","protected":false},"excerpt":{"rendered":"<p>U\u010denici Srednje \u0161kole Petra \u0160egedina sa svojim mentoricama predstavit \u0107e multimedijalne projekte u petak, 14. studenoga, s po\u010detkom u 18:00 sati.<\/p>\n","protected":false},"author":3,"featured_media":2248,"template":"","meta":{"_et_pb_use_builder":"","_et_pb_old_content":"","_et_gb_content_width":"","_tribe_events_status":"","_tribe_events_status_reason":"","footnotes":""},"tags":[],"tribe_events_cat":[],"class_list":["post-2247","tribe_events","type-tribe_events","status-publish","has-post-thumbnail","hentry"],"_links":{"self":[{"href":"https:\/\/gk-korcula.hr\/nova\/wp-json\/wp\/v2\/tribe_events\/2247","targetHints":{"allow":["GET"]}}],"collection":[{"href":"https:\/\/gk-korcula.hr\/nova\/wp-json\/wp\/v2\/tribe_events"}],"about":[{"href":"https:\/\/gk-korcula.hr\/nova\/wp-json\/wp\/v2\/types\/tribe_events"}],"author":[{"embeddable":true,"href":"https:\/\/gk-korcula.hr\/nova\/wp-json\/wp\/v2\/users\/3"}],"version-history":[{"count":1,"href":"https:\/\/gk-korcula.hr\/nova\/wp-json\/wp\/v2\/tribe_events\/2247\/revisions"}],"predecessor-version":[{"id":2249,"href":"https:\/\/gk-korcula.hr\/nova\/wp-json\/wp\/v2\/tribe_events\/2247\/revisions\/2249"}],"wp:featuredmedia":[{"embeddable":true,"href":"https:\/\/gk-korcula.hr\/nova\/wp-json\/wp\/v2\/media\/2248"}],"wp:attachment":[{"href":"https:\/\/gk-korcula.hr\/nova\/wp-json\/wp\/v2\/media?parent=2247"}],"wp:term":[{"taxonomy":"post_tag","embeddable":true,"href":"https:\/\/gk-korcula.hr\/nova\/wp-json\/wp\/v2\/tags?post=2247"},{"taxonomy":"tribe_events_cat","embeddable":true,"href":"https:\/\/gk-korcula.hr\/nova\/wp-json\/wp\/v2\/tribe_events_cat?post=2247"}],"curies":[{"name":"wp","href":"https:\/\/api.w.org\/{rel}","templated":true}]}}

Knjižničarima na dar &#8211; književna večer

<p>Učenici Srednje škole Petra Šegedina sa svojim mentoricama predstavit će multimedijalne projekte u petak, 14. studenoga, s početkom u 18:00 sati.</p>
