{"id":2260,"date":"2025-09-11T12:31:38","date_gmt":"2025-09-11T10:31:38","guid":{"rendered":"https:\/\/gk-korcula.hr\/nova\/?post_type=tribe_events&#038;p=2260"},"modified":"2025-09-11T12:31:38","modified_gmt":"2025-09-11T10:31:38","slug":"predstavljanje-knjige-matija","status":"publish","type":"tribe_events","link":"https:\/\/gk-korcula.hr\/nova\/dogadaj\/predstavljanje-knjige-matija\/","title":{"rendered":"Predstavljanje knjige &#8220;Matija&#8221;"},"content":{"rendered":"<p>Pozivamo vas na predstavljanje knjige\u00a0<em>Matija<\/em> autora Drage Hedla koje \u0107e se odr\u017eati u petak, 26. rujna 2025. godine u Gradskoj knji\u017enici\u00a0<em>Ivan Vidali<\/em> s po\u010detkom u 18:00 sati.<\/p>\n<p>&nbsp;<\/p>\n<blockquote><p>Knjiga Matija, \u017eanrovski najbli\u017ea dnevniku, tragi\u010dna je pri\u010da renomiranog hrvatskog novinara Drage Hedla o samoubojstvu njegovog sina Matije, doktora biokemije i znanstvenika na ameri\u010dkom Yaleu.<\/p>\n<p>&#8220;To je knjiga o ocu i sinu. I knjiga o tome koliko je \u017eivot lijep. I koliko u \u017eivotu boli sve \u0161to je lijepo&#8221;<\/p>\n<p>&#8211; Miljenko Jergovi\u0107<\/p><\/blockquote>\n","protected":false},"excerpt":{"rendered":"<p>Pozivamo vas na predstavljanje knjige\u00a0Matija autora Drage Hedla koje \u0107e se odr\u017eati u petak, 26. rujna 2025. godine u Gradskoj knji\u017enici\u00a0Ivan Vidali s po\u010detkom u 18:00 sati. &nbsp; Knjiga Matija, [&hellip;]<\/p>\n","protected":false},"author":3,"featured_media":2261,"template":"","meta":{"_et_pb_use_builder":"","_et_pb_old_content":"","_et_gb_content_width":"","_tribe_events_status":"","_tribe_events_status_reason":"","footnotes":""},"tags":[],"tribe_events_cat":[],"class_list":["post-2260","tribe_events","type-tribe_events","status-publish","has-post-thumbnail","hentry"],"_links":{"self":[{"href":"https:\/\/gk-korcula.hr\/nova\/wp-json\/wp\/v2\/tribe_events\/2260","targetHints":{"allow":["GET"]}}],"collection":[{"href":"https:\/\/gk-korcula.hr\/nova\/wp-json\/wp\/v2\/tribe_events"}],"about":[{"href":"https:\/\/gk-korcula.hr\/nova\/wp-json\/wp\/v2\/types\/tribe_events"}],"author":[{"embeddable":true,"href":"https:\/\/gk-korcula.hr\/nova\/wp-json\/wp\/v2\/users\/3"}],"version-history":[{"count":1,"href":"https:\/\/gk-korcula.hr\/nova\/wp-json\/wp\/v2\/tribe_events\/2260\/revisions"}],"predecessor-version":[{"id":2262,"href":"https:\/\/gk-korcula.hr\/nova\/wp-json\/wp\/v2\/tribe_events\/2260\/revisions\/2262"}],"wp:featuredmedia":[{"embeddable":true,"href":"https:\/\/gk-korcula.hr\/nova\/wp-json\/wp\/v2\/media\/2261"}],"wp:attachment":[{"href":"https:\/\/gk-korcula.hr\/nova\/wp-json\/wp\/v2\/media?parent=2260"}],"wp:term":[{"taxonomy":"post_tag","embeddable":true,"href":"https:\/\/gk-korcula.hr\/nova\/wp-json\/wp\/v2\/tags?post=2260"},{"taxonomy":"tribe_events_cat","embeddable":true,"href":"https:\/\/gk-korcula.hr\/nova\/wp-json\/wp\/v2\/tribe_events_cat?post=2260"}],"curies":[{"name":"wp","href":"https:\/\/api.w.org\/{rel}","templated":true}]}}

<p>Pozivamo vas na predstavljanje knjige <em>Matija</em> autora Drage Hedla koje će se održati u petak, 26. rujna 2025. godine u Gradskoj knjižnici <em>Ivan Vidali</em> s početkom u 18:00 sati.</p>
<p>&nbsp;</p>
<blockquote><p>Knjiga Matija, žanrovski najbliža dnevniku, tragična je priča renomiranog hrvatskog novinara Drage Hedla o samoubojstvu njegovog sina Matije, doktora biokemije i znanstvenika na američkom Yaleu.</p>
<p>&#8220;To je knjiga o ocu i sinu. I knjiga o tome koliko je život lijep. I koliko u životu boli sve što je lijepo&#8221;</p>
<p>&#8211; Miljenko Jergović</p></blockquote>

<p>Pozivamo vas na predstavljanje knjige Matija autora Drage Hedla koje će se održati u petak, 26. rujna 2025. godine u Gradskoj knjižnici Ivan Vidali s početkom u 18:00 sati. &nbsp; Knjiga Matija, [&hellip;]</p>
