{"id":2307,"date":"2025-10-15T09:20:13","date_gmt":"2025-10-15T07:20:13","guid":{"rendered":"https:\/\/gk-korcula.hr\/nova\/?post_type=tribe_events&#038;p=2307"},"modified":"2025-10-20T12:18:57","modified_gmt":"2025-10-20T10:18:57","slug":"10-tisuca-koraka-predstavljanje-knjige-danijele-crljen","status":"publish","type":"tribe_events","link":"https:\/\/gk-korcula.hr\/nova\/dogadaj\/10-tisuca-koraka-predstavljanje-knjige-danijele-crljen\/","title":{"rendered":"10 tisu\u0107a koraka &#8211; predstavljanje knjige Danijele Crljen"},"content":{"rendered":"<p>Pozivamo vas na predstavljanje knjige\u00a0<em>10 tisu\u0107a koraka<\/em> knji\u017eevnice Danijele Crljen koje \u0107e se odr\u017eati u petak, 24. listopada, u Gradskoj knji\u017enici <em>Ivan Vidali<\/em> s po\u010dekom u 18:30 sati.<\/p>\n<p><strong>O knjizi:<\/strong><\/p>\n<p>Najte\u017ee je napisati drugu knjigu, rekao mi je \u2013 prije \u010detvrt stolje\u0107a \u2013 veliki prozaik s na\u0161ih prostora. I bio je u pravu. Ipak, trebao je jo\u0161 dodati, pogotovo ako je prva bila sjajna. Na njega sam pomislila \u010dim sam pro\u010ditala Danijelin prvi roman. Strah od kupine odu\u0161evio je i knji\u017eevnu kritiku i \u0161iru \u010ditateljsku publiku. Takve ocjene gode, ali istovremeno podi\u017eu o\u010dekivanja. Jednostavno, da bi druga knjiga bila ocijenjena kao prva, mora biti \u010dak i zeru ja\u010da. Treba imati barem koji korak vi\u0161e. U drugom romanu, koji se s toliko nestrpljenja o\u010dekivao, autorica pose\u017ee za neobi\u010dnijom pripovjednom tehnikom. Kaziva\u010dica se obra\u0107a baki. Svi koji su \u010ditali Kupinu, mogu isti \u010das prepoznati i razloge zbog kojih Danijela za prvog primatelja svojih re\u010denica odabire ba\u0161 majku svoje majke. Slu\u0161atelj pri\u010de mora biti tolerantna, strpljiva, mudra i dobra osoba. Samo se s takvom mo\u017ee ostvariti iskrena komunikacija. Baka \u0107e razumjeti koliko je te\u0161ka osobna povijest u vremenima koja gube svaki smisao za realnost i ljudskost. A takva su bila posljednjih godina. Zdravlje nam je moglo spasiti fizi\u010dko kretanje i vjera da se pred zbiljskim opasnostima mo\u017eemo spasiti sklanjaju\u0107i se u umjetnost. Kaziva\u010dica o sebi govori osobi kojoj vjeruje i jasno je da se ne pla\u0161i svog razotkrivanja i komentiranja skliskih tema. I sve to pakira u prave pripovjedne \u2013 kako bi otac pripovjeda\u010dice rekao \u2013 dijamanti\u0107e. Nakon \u010ditanja Deset tisu\u0107a koraka znat \u0107emo odgovoriti na dva temeljna pitanja recepcije knji\u017eevnog djela; i za koga je roman napisan i u \u010dije ime on govori. A znat \u0107emo i da je fenomen druge knjige, koliko god smo ljestvicu o\u010dekivanja podigli, itekako uspje\u0161no savladan.<\/p>\n<p style=\"text-align: right;\"><em>\u2013 Julijana Matanovi\u0107, urednica knjige<\/em><\/p>\n","protected":false},"excerpt":{"rendered":"<p>Pozivamo vas na predstavljanje knjige\u00a010 tisu\u0107a koraka knji\u017eevnice Danijele Crljen koje \u0107e se odr\u017eati u petak, 24. listopada, u Gradskoj knji\u017enici Ivan Vidali s po\u010dekom u 18:30 sati. O knjizi: [&hellip;]<\/p>\n","protected":false},"author":3,"featured_media":2308,"template":"","meta":{"_et_pb_use_builder":"","_et_pb_old_content":"","_et_gb_content_width":"","_tribe_events_status":"","_tribe_events_status_reason":"","footnotes":""},"tags":[],"tribe_events_cat":[],"class_list":["post-2307","tribe_events","type-tribe_events","status-publish","has-post-thumbnail","hentry"],"_links":{"self":[{"href":"https:\/\/gk-korcula.hr\/nova\/wp-json\/wp\/v2\/tribe_events\/2307","targetHints":{"allow":["GET"]}}],"collection":[{"href":"https:\/\/gk-korcula.hr\/nova\/wp-json\/wp\/v2\/tribe_events"}],"about":[{"href":"https:\/\/gk-korcula.hr\/nova\/wp-json\/wp\/v2\/types\/tribe_events"}],"author":[{"embeddable":true,"href":"https:\/\/gk-korcula.hr\/nova\/wp-json\/wp\/v2\/users\/3"}],"version-history":[{"count":2,"href":"https:\/\/gk-korcula.hr\/nova\/wp-json\/wp\/v2\/tribe_events\/2307\/revisions"}],"predecessor-version":[{"id":2315,"href":"https:\/\/gk-korcula.hr\/nova\/wp-json\/wp\/v2\/tribe_events\/2307\/revisions\/2315"}],"wp:featuredmedia":[{"embeddable":true,"href":"https:\/\/gk-korcula.hr\/nova\/wp-json\/wp\/v2\/media\/2308"}],"wp:attachment":[{"href":"https:\/\/gk-korcula.hr\/nova\/wp-json\/wp\/v2\/media?parent=2307"}],"wp:term":[{"taxonomy":"post_tag","embeddable":true,"href":"https:\/\/gk-korcula.hr\/nova\/wp-json\/wp\/v2\/tags?post=2307"},{"taxonomy":"tribe_events_cat","embeddable":true,"href":"https:\/\/gk-korcula.hr\/nova\/wp-json\/wp\/v2\/tribe_events_cat?post=2307"}],"curies":[{"name":"wp","href":"https:\/\/api.w.org\/{rel}","templated":true}]}}

10 tisuća koraka &#8211; predstavljanje knjige Danijele Crljen

<p>Pozivamo vas na predstavljanje knjige <em>10 tisuća koraka</em> književnice Danijele Crljen koje će se održati u petak, 24. listopada, u Gradskoj knjižnici <em>Ivan Vidali</em> s počekom u 18:30 sati.</p>
<p><strong>O knjizi:</strong></p>
<p>Najteže je napisati drugu knjigu, rekao mi je – prije četvrt stoljeća – veliki prozaik s naših prostora. I bio je u pravu. Ipak, trebao je još dodati, pogotovo ako je prva bila sjajna. Na njega sam pomislila čim sam pročitala Danijelin prvi roman. Strah od kupine oduševio je i književnu kritiku i širu čitateljsku publiku. Takve ocjene gode, ali istovremeno podižu očekivanja. Jednostavno, da bi druga knjiga bila ocijenjena kao prva, mora biti čak i zeru jača. Treba imati barem koji korak više. U drugom romanu, koji se s toliko nestrpljenja očekivao, autorica poseže za neobičnijom pripovjednom tehnikom. Kazivačica se obraća baki. Svi koji su čitali Kupinu, mogu isti čas prepoznati i razloge zbog kojih Danijela za prvog primatelja svojih rečenica odabire baš majku svoje majke. Slušatelj priče mora biti tolerantna, strpljiva, mudra i dobra osoba. Samo se s takvom može ostvariti iskrena komunikacija. Baka će razumjeti koliko je teška osobna povijest u vremenima koja gube svaki smisao za realnost i ljudskost. A takva su bila posljednjih godina. Zdravlje nam je moglo spasiti fizičko kretanje i vjera da se pred zbiljskim opasnostima možemo spasiti sklanjajući se u umjetnost. Kazivačica o sebi govori osobi kojoj vjeruje i jasno je da se ne plaši svog razotkrivanja i komentiranja skliskih tema. I sve to pakira u prave pripovjedne – kako bi otac pripovjedačice rekao – dijamantiće. Nakon čitanja Deset tisuća koraka znat ćemo odgovoriti na dva temeljna pitanja recepcije književnog djela; i za koga je roman napisan i u čije ime on govori. A znat ćemo i da je fenomen druge knjige, koliko god smo ljestvicu očekivanja podigli, itekako uspješno savladan.</p>
<p style="text-align: right;"><em>– Julijana Matanović, urednica knjige</em></p>

<p>Pozivamo vas na predstavljanje knjige 10 tisuća koraka književnice Danijele Crljen koje će se održati u petak, 24. listopada, u Gradskoj knjižnici Ivan Vidali s počekom u 18:30 sati. O knjizi: [&hellip;]</p>
