{"id":2351,"date":"2025-11-10T16:52:15","date_gmt":"2025-11-10T15:52:15","guid":{"rendered":"https:\/\/gk-korcula.hr\/nova\/?post_type=tribe_events&#038;p=2351"},"modified":"2025-11-10T16:52:15","modified_gmt":"2025-11-10T15:52:15","slug":"promocija-nove-knjige-u-biblioteci-zilkovi","status":"publish","type":"tribe_events","link":"https:\/\/gk-korcula.hr\/nova\/dogadaj\/promocija-nove-knjige-u-biblioteci-zilkovi\/","title":{"rendered":"Promocija nove knjige u Biblioteci \u017dilkovi"},"content":{"rendered":"<div class=\"xdj266r x14z9mp xat24cr x1lziwak x1vvkbs\">\u010cast nam je pozvati Vas na predstavljanje nove knjige objavljene u nakladi zavi\u010dajne \u201cBiblioteke \u017dilkovi\u0107\u201d koje \u0107e se odr\u017eati u Gradskoj knji\u017enici Ivan Vidali u utorak, 11. studenoga 2025., s po\u010detkom u 18:30 sati. Moderatorira profesor Ivan Fabris.<\/div>\n<div class=\"x14z9mp xat24cr x1lziwak x1vvkbs xtlvy1s\">O zbirci pjesama:<\/div>\n<div class=\"x14z9mp xat24cr x1lziwak x1vvkbs xtlvy1s\">Ovo je izvanredna ovovremena poezija, bez ijednog slova, misli, poruke vi\u0161ka &#8211; lijepo se naslanja na sada\u0161njost, s dubokim fundamentima u pro\u0161losti i gotovo bez imalo nade u bolju budu\u0107nost\u2026<br class=\"html-br\" \/>Saladin Dino Burd\u017eovi\u0107<\/div>\n<div class=\"x14z9mp xat24cr x1lziwak x1vvkbs xtlvy1s\">O autoru:<\/div>\n<div class=\"x14z9mp xat24cr x1lziwak x1vvkbs xtlvy1s\">Tugomir Mati\u0107 rodio se 1957. godine u Zagrebu. Ve\u0107inu svog \u017eivota pro\u017eivio je u Sarajevu gdje je i po\u010deo pisati poeziju i prozu. Objavio je nekoliko zbirki pjesama, zbirke kratkih pri\u010da i dva roman. Poezija mu je prevedena na engleski, \u010de\u0161ki, talijanski, \u0161panjolski, njema\u010dki, bengalski i druge jezike. Od 1997. godine \u017eivi u Ra\u010di\u0161\u0107u na Kor\u010duli<\/div>\n","protected":false},"excerpt":{"rendered":"<p>\u010cast nam je pozvati Vas na predstavljanje nove knjige objavljene u nakladi zavi\u010dajne \u201cBiblioteke \u017dilkovi\u0107\u201d koje \u0107e se odr\u017eati u Gradskoj knji\u017enici Ivan Vidali u utorak, 11. studenoga 2025., s [&hellip;]<\/p>\n","protected":false},"author":3,"featured_media":2353,"template":"","meta":{"_et_pb_use_builder":"","_et_pb_old_content":"","_et_gb_content_width":"","_tribe_events_status":"","_tribe_events_status_reason":"","footnotes":""},"tags":[],"tribe_events_cat":[],"class_list":["post-2351","tribe_events","type-tribe_events","status-publish","has-post-thumbnail","hentry"],"_links":{"self":[{"href":"https:\/\/gk-korcula.hr\/nova\/wp-json\/wp\/v2\/tribe_events\/2351","targetHints":{"allow":["GET"]}}],"collection":[{"href":"https:\/\/gk-korcula.hr\/nova\/wp-json\/wp\/v2\/tribe_events"}],"about":[{"href":"https:\/\/gk-korcula.hr\/nova\/wp-json\/wp\/v2\/types\/tribe_events"}],"author":[{"embeddable":true,"href":"https:\/\/gk-korcula.hr\/nova\/wp-json\/wp\/v2\/users\/3"}],"version-history":[{"count":2,"href":"https:\/\/gk-korcula.hr\/nova\/wp-json\/wp\/v2\/tribe_events\/2351\/revisions"}],"predecessor-version":[{"id":2354,"href":"https:\/\/gk-korcula.hr\/nova\/wp-json\/wp\/v2\/tribe_events\/2351\/revisions\/2354"}],"wp:featuredmedia":[{"embeddable":true,"href":"https:\/\/gk-korcula.hr\/nova\/wp-json\/wp\/v2\/media\/2353"}],"wp:attachment":[{"href":"https:\/\/gk-korcula.hr\/nova\/wp-json\/wp\/v2\/media?parent=2351"}],"wp:term":[{"taxonomy":"post_tag","embeddable":true,"href":"https:\/\/gk-korcula.hr\/nova\/wp-json\/wp\/v2\/tags?post=2351"},{"taxonomy":"tribe_events_cat","embeddable":true,"href":"https:\/\/gk-korcula.hr\/nova\/wp-json\/wp\/v2\/tribe_events_cat?post=2351"}],"curies":[{"name":"wp","href":"https:\/\/api.w.org\/{rel}","templated":true}]}}

Promocija nove knjige u Biblioteci Žilkovi

<div class="xdj266r x14z9mp xat24cr x1lziwak x1vvkbs">Čast nam je pozvati Vas na predstavljanje nove knjige objavljene u nakladi zavičajne “Biblioteke Žilković” koje će se održati u Gradskoj knjižnici Ivan Vidali u utorak, 11. studenoga 2025., s početkom u 18:30 sati. Moderatorira profesor Ivan Fabris.</div>
<div class="x14z9mp xat24cr x1lziwak x1vvkbs xtlvy1s">O zbirci pjesama:</div>
<div class="x14z9mp xat24cr x1lziwak x1vvkbs xtlvy1s">Ovo je izvanredna ovovremena poezija, bez ijednog slova, misli, poruke viška &#8211; lijepo se naslanja na sadašnjost, s dubokim fundamentima u prošlosti i gotovo bez imalo nade u bolju budućnost…<br class="html-br" />Saladin Dino Burdžović</div>
<div class="x14z9mp xat24cr x1lziwak x1vvkbs xtlvy1s">O autoru:</div>
<div class="x14z9mp xat24cr x1lziwak x1vvkbs xtlvy1s">Tugomir Matić rodio se 1957. godine u Zagrebu. Većinu svog života proživio je u Sarajevu gdje je i počeo pisati poeziju i prozu. Objavio je nekoliko zbirki pjesama, zbirke kratkih priča i dva roman. Poezija mu je prevedena na engleski, češki, talijanski, španjolski, njemački, bengalski i druge jezike. Od 1997. godine živi u Račišću na Korčuli</div>

<p>Čast nam je pozvati Vas na predstavljanje nove knjige objavljene u nakladi zavičajne “Biblioteke Žilković” koje će se održati u Gradskoj knjižnici Ivan Vidali u utorak, 11. studenoga 2025., s [&hellip;]</p>
