{"id":2364,"date":"2025-11-19T10:46:05","date_gmt":"2025-11-19T09:46:05","guid":{"rendered":"https:\/\/gk-korcula.hr\/nova\/?post_type=tribe_events&#038;p=2364"},"modified":"2025-11-19T12:14:24","modified_gmt":"2025-11-19T11:14:24","slug":"predstavljanje-projekata-ucenika-srednje-skole-petra-segedina-2","status":"publish","type":"tribe_events","link":"https:\/\/gk-korcula.hr\/nova\/dogadaj\/predstavljanje-projekata-ucenika-srednje-skole-petra-segedina-2\/","title":{"rendered":"Predstavljanje projekata u\u010denika Srednje \u0161kole Petra \u0160egedina"},"content":{"rendered":"<p>Pozivamo vas na p<span class=\"a_GcMg font-feature-liga-off font-feature-clig-off font-feature-calt-off text-decoration-none text-strikethrough-none\">redstavljanje projekata u\u010denika Srednje \u0161kole Petra \u0160egedina koje \u0107e se odr\u017eati u petak, 21. studenoga u Gradskoj knji\u017enici\u00a0<em>Ivan Vidali<\/em> s po\u010detkom u 18:00 sati. Profesorica Gloria Petkovi\u0107 \u0107e s u\u010denicima predstaviti projekt<strong> 22 lica knji\u017enice<\/strong>, profesorica Jasna Novak \u0107e s u\u010denicima predstaviti projekt <strong>\u010cuvari rije\u010di i likovi s polica, <\/strong>a profesorice Josipa Favro Kurtovi\u0107 i Ivana Klisura Skokandi\u0107 \u0107e s u\u010denicima predstaviti projekt <strong>Knji\u017eni\u010darima na dar.<\/strong><\/span><\/p>\n","protected":false},"excerpt":{"rendered":"<p>Pozivamo vas na predstavljanje projekata u\u010denika Srednje \u0161kole Petra \u0160egedina koje \u0107e se odr\u017eati u petak, 21. studenoga u Gradskoj knji\u017enici\u00a0Ivan Vidali s po\u010detkom u 18:00 sati. Profesorica Gloria Petkovi\u0107 [&hellip;]<\/p>\n","protected":false},"author":3,"featured_media":2366,"template":"","meta":{"_et_pb_use_builder":"","_et_pb_old_content":"","_et_gb_content_width":"","_tribe_events_status":"","_tribe_events_status_reason":"","footnotes":""},"tags":[],"tribe_events_cat":[],"class_list":["post-2364","tribe_events","type-tribe_events","status-publish","has-post-thumbnail","hentry"],"_links":{"self":[{"href":"https:\/\/gk-korcula.hr\/nova\/wp-json\/wp\/v2\/tribe_events\/2364","targetHints":{"allow":["GET"]}}],"collection":[{"href":"https:\/\/gk-korcula.hr\/nova\/wp-json\/wp\/v2\/tribe_events"}],"about":[{"href":"https:\/\/gk-korcula.hr\/nova\/wp-json\/wp\/v2\/types\/tribe_events"}],"author":[{"embeddable":true,"href":"https:\/\/gk-korcula.hr\/nova\/wp-json\/wp\/v2\/users\/3"}],"version-history":[{"count":2,"href":"https:\/\/gk-korcula.hr\/nova\/wp-json\/wp\/v2\/tribe_events\/2364\/revisions"}],"predecessor-version":[{"id":2368,"href":"https:\/\/gk-korcula.hr\/nova\/wp-json\/wp\/v2\/tribe_events\/2364\/revisions\/2368"}],"wp:featuredmedia":[{"embeddable":true,"href":"https:\/\/gk-korcula.hr\/nova\/wp-json\/wp\/v2\/media\/2366"}],"wp:attachment":[{"href":"https:\/\/gk-korcula.hr\/nova\/wp-json\/wp\/v2\/media?parent=2364"}],"wp:term":[{"taxonomy":"post_tag","embeddable":true,"href":"https:\/\/gk-korcula.hr\/nova\/wp-json\/wp\/v2\/tags?post=2364"},{"taxonomy":"tribe_events_cat","embeddable":true,"href":"https:\/\/gk-korcula.hr\/nova\/wp-json\/wp\/v2\/tribe_events_cat?post=2364"}],"curies":[{"name":"wp","href":"https:\/\/api.w.org\/{rel}","templated":true}]}}

Predstavljanje projekata učenika Srednje škole Petra Šegedina

<p>Pozivamo vas na p<span class="a_GcMg font-feature-liga-off font-feature-clig-off font-feature-calt-off text-decoration-none text-strikethrough-none">redstavljanje projekata učenika Srednje škole Petra Šegedina koje će se održati u petak, 21. studenoga u Gradskoj knjižnici <em>Ivan Vidali</em> s početkom u 18:00 sati. Profesorica Gloria Petković će s učenicima predstaviti projekt<strong> 22 lica knjižnice</strong>, profesorica Jasna Novak će s učenicima predstaviti projekt <strong>Čuvari riječi i likovi s polica, </strong>a profesorice Josipa Favro Kurtović i Ivana Klisura Skokandić će s učenicima predstaviti projekt <strong>Knjižničarima na dar.</strong></span></p>

<p>Pozivamo vas na predstavljanje projekata učenika Srednje škole Petra Šegedina koje će se održati u petak, 21. studenoga u Gradskoj knjižnici Ivan Vidali s početkom u 18:00 sati. Profesorica Gloria Petković [&hellip;]</p>
