{"id":2402,"date":"2025-12-10T12:32:18","date_gmt":"2025-12-10T11:32:18","guid":{"rendered":"https:\/\/gk-korcula.hr\/nova\/?post_type=tribe_events&#038;p=2402"},"modified":"2025-12-10T12:35:48","modified_gmt":"2025-12-10T11:35:48","slug":"bozicne-cestitke-radionica-za-djecu","status":"publish","type":"tribe_events","link":"https:\/\/gk-korcula.hr\/nova\/dogadaj\/bozicne-cestitke-radionica-za-djecu\/","title":{"rendered":"Bo\u017ei\u0107ne \u010destitke &#8211; radionica za djecu"},"content":{"rendered":"<p>Pridru\u017eite nam se na bo\u017ei\u0107noj kreativnoj radionici za djecu koja \u0107e se odr\u017eati u petak, 12. prosinca, u Gradskoj knji\u017enici <em>Ivan Vidali<\/em> s po\u010detkom u 17.00 sati.<\/p>\n","protected":false},"excerpt":{"rendered":"<p>Pridru\u017eite nam se na bo\u017ei\u0107noj kreativnoj radionici za djecu koja \u0107e se odr\u017eati u petak, 12. prosinca, u Gradskoj knji\u017enici Ivan Vidali s po\u010detkom u 17.00 sati.<\/p>\n","protected":false},"author":3,"featured_media":2403,"template":"","meta":{"_et_pb_use_builder":"","_et_pb_old_content":"","_et_gb_content_width":"","_tribe_events_status":"","_tribe_events_status_reason":"","footnotes":""},"tags":[],"tribe_events_cat":[],"class_list":["post-2402","tribe_events","type-tribe_events","status-publish","has-post-thumbnail","hentry"],"_links":{"self":[{"href":"https:\/\/gk-korcula.hr\/nova\/wp-json\/wp\/v2\/tribe_events\/2402","targetHints":{"allow":["GET"]}}],"collection":[{"href":"https:\/\/gk-korcula.hr\/nova\/wp-json\/wp\/v2\/tribe_events"}],"about":[{"href":"https:\/\/gk-korcula.hr\/nova\/wp-json\/wp\/v2\/types\/tribe_events"}],"author":[{"embeddable":true,"href":"https:\/\/gk-korcula.hr\/nova\/wp-json\/wp\/v2\/users\/3"}],"version-history":[{"count":2,"href":"https:\/\/gk-korcula.hr\/nova\/wp-json\/wp\/v2\/tribe_events\/2402\/revisions"}],"predecessor-version":[{"id":2409,"href":"https:\/\/gk-korcula.hr\/nova\/wp-json\/wp\/v2\/tribe_events\/2402\/revisions\/2409"}],"wp:featuredmedia":[{"embeddable":true,"href":"https:\/\/gk-korcula.hr\/nova\/wp-json\/wp\/v2\/media\/2403"}],"wp:attachment":[{"href":"https:\/\/gk-korcula.hr\/nova\/wp-json\/wp\/v2\/media?parent=2402"}],"wp:term":[{"taxonomy":"post_tag","embeddable":true,"href":"https:\/\/gk-korcula.hr\/nova\/wp-json\/wp\/v2\/tags?post=2402"},{"taxonomy":"tribe_events_cat","embeddable":true,"href":"https:\/\/gk-korcula.hr\/nova\/wp-json\/wp\/v2\/tribe_events_cat?post=2402"}],"curies":[{"name":"wp","href":"https:\/\/api.w.org\/{rel}","templated":true}]}}

Božićne čestitke &#8211; radionica za djecu

<p>Pridružite nam se na božićnoj kreativnoj radionici za djecu koja će se održati u petak, 12. prosinca, u Gradskoj knjižnici <em>Ivan Vidali</em> s početkom u 17.00 sati.</p>

<p>Pridružite nam se na božićnoj kreativnoj radionici za djecu koja će se održati u petak, 12. prosinca, u Gradskoj knjižnici Ivan Vidali s početkom u 17.00 sati.</p>
