{"id":2521,"date":"2026-03-04T10:12:39","date_gmt":"2026-03-04T09:12:39","guid":{"rendered":"https:\/\/gk-korcula.hr\/nova\/?post_type=tribe_events&#038;p=2521"},"modified":"2026-03-09T15:47:47","modified_gmt":"2026-03-09T14:47:47","slug":"predstavljanje-knjige-ironwoman-autorice-durdice-orepic","status":"publish","type":"tribe_events","link":"https:\/\/gk-korcula.hr\/nova\/dogadaj\/predstavljanje-knjige-ironwoman-autorice-durdice-orepic\/","title":{"rendered":"Predstavljanje knjige &#8220;Ironwoman&#8221; autorice \u0110ur\u0111ice Orepi\u0107"},"content":{"rendered":"<div class=\"xdj266r x14z9mp xat24cr x1lziwak x1vvkbs\">U povodu Me\u0111unarodnog dana \u017eena u 18.00 sati u Gradskoj knji\u017enici Ivan Vidali odr\u017eat \u0107e se predstavljanje projekta u\u010denika 3. A razreda Srednje \u0161kole Petra \u0160egedina o iznimnim i zaslu\u017enim \u017eenama.<\/div>\n<div class=\"x14z9mp xat24cr x1lziwak x1vvkbs xtlvy1s\">Nakon predstavljanja projekta srednjo\u0161kolaca, u suradnji s udrugom KaP pozivamo vas na predstavljanje knjige Ironwoman autorice \u0110ur\u0111ice Orepi\u0107 u srijedu 11. o\u017eujka 2026. s po\u010detkom u 18.45 sati.<\/div>\n<p><strong>O knjizi:<br \/>\n<\/strong><i>Ironwoman: moja pri\u010da\u00a0<\/i>zapo\u010dinje za vrijeme pandemije COVID-19, u rajskom okru\u017eenju Tahitija, uz zvuke oceana i pjev pjetli\u0107a s pje\u0161\u010dane vulkanske crne pla\u017ee uz koje \u0110ur\u0111ica odlu\u010duje: vrijeme je za novu avanturu.\u00a0Ta avantura potrajat \u0107e dulje \u010dak i od triatlona \u2013 natjecanja koje obuhva\u0107a tri discipline:\u00a0<b>tr\u010danje<\/b>,\u00a0<b>plivanje<\/b>\u00a0i\u00a0<b>biciklizam<\/b>, a rezultat su\u00a0<b>trenuta\u010dno najuzbudljiviji memoari doma\u0107e knji\u017eevnosti<\/b>. U njima \u0110ur\u0111ica opisuje svaki kilometar svog putovanja: ljubav i hedonisti\u010dki \u017eivot sa suprugom, vinarom\u00a0<b>Ivicom Mato\u0161evi\u0107em<\/b>,\u00a0<i>preobuvanje<\/i>\u00a0u sportsku obu\u0107u, nadljudske napore ulo\u017eene u trening za\u00a0<b>Ironman<\/b>\u00a0\u2013 najpoznatije svjetsko natjecanje u triatlonu, na \u010dijem je postolju bila \u0161est puta \u2013 i adrenalin utrke ja\u010di i od droge\u2026<\/p>\n<p><strong>O autorici:<br \/>\n<\/strong>\u0110ur\u0111ica Orepi\u0107 ro\u0111ena je na otoku Rabu 30. svibnja 1964. \u017divi\u00a0u Pore\u010du i radi kao privatna poduzetnica od 1988. Majka je troje\u00a0djece, k\u0107eri Maksin i Petre te sina Damjana, i baka dviju unu\u010dica,\u00a0Kim Amber i Kai Olivije. Nikada se nije aktivno bavila sportom\u00a0do svoje 47. godine, kada je po\u010dela tr\u010dati iz oklade. Nakon prvog\u00a0maratona u dvije godine istr\u010dala je deset maratona i sedamnaest\u00a0polumaratona po cijelom svijetu. Triatlon je po\u010dela trenirati 2014.\u00a0i u ovih deset godina popela se na postolje najboljih diljem planeta.\u00a0O njoj je 2016. snimljen dokumentarni film\u00a0<em>Ironwoman<\/em>\u00a0u produkciji\u00a0HRT-a.\u00a0Godinu 2021. zavr\u0161ila je kao najbolje rangirana natjecateljica\u00a0na svijetu u svojoj dobnoj kategoriji 55 \u2013 59 (AWA \u2013 All World\u00a0Rankings Ironman), u konkurenciji 1650 \u017eena koje su uspje\u0161no\u00a0zavr\u0161ile utrku Ironman.\u00a0Godine 2022. dodijeljeno joj je priznanje Istarske \u017eupanije\u00a0Istriana za najbolju sporta\u0161icu-sporta\u0161a.\u00a0Vi\u0161estruka je dr\u017eavna prvakinja HTS-a u dugom triatlonu\u00a0u svojoj\u00a0dobnoj skupini, ambasadorica utrka i motivacijska govornica.<strong><br \/>\n<\/strong><\/p>\n","protected":false},"excerpt":{"rendered":"<p>U povodu Me\u0111unarodnog dana \u017eena u 18.00 sati u Gradskoj knji\u017enici Ivan Vidali odr\u017eat \u0107e se predstavljanje projekta u\u010denika 3. A razreda Srednje \u0161kole Petra \u0160egedina o iznimnim i zaslu\u017enim [&hellip;]<\/p>\n","protected":false},"author":3,"featured_media":2522,"template":"","meta":{"_et_pb_use_builder":"","_et_pb_old_content":"","_et_gb_content_width":"","_tribe_events_status":"","_tribe_events_status_reason":"","footnotes":""},"tags":[],"tribe_events_cat":[],"class_list":["post-2521","tribe_events","type-tribe_events","status-publish","has-post-thumbnail","hentry"],"_links":{"self":[{"href":"https:\/\/gk-korcula.hr\/nova\/wp-json\/wp\/v2\/tribe_events\/2521","targetHints":{"allow":["GET"]}}],"collection":[{"href":"https:\/\/gk-korcula.hr\/nova\/wp-json\/wp\/v2\/tribe_events"}],"about":[{"href":"https:\/\/gk-korcula.hr\/nova\/wp-json\/wp\/v2\/types\/tribe_events"}],"author":[{"embeddable":true,"href":"https:\/\/gk-korcula.hr\/nova\/wp-json\/wp\/v2\/users\/3"}],"version-history":[{"count":2,"href":"https:\/\/gk-korcula.hr\/nova\/wp-json\/wp\/v2\/tribe_events\/2521\/revisions"}],"predecessor-version":[{"id":2526,"href":"https:\/\/gk-korcula.hr\/nova\/wp-json\/wp\/v2\/tribe_events\/2521\/revisions\/2526"}],"wp:featuredmedia":[{"embeddable":true,"href":"https:\/\/gk-korcula.hr\/nova\/wp-json\/wp\/v2\/media\/2522"}],"wp:attachment":[{"href":"https:\/\/gk-korcula.hr\/nova\/wp-json\/wp\/v2\/media?parent=2521"}],"wp:term":[{"taxonomy":"post_tag","embeddable":true,"href":"https:\/\/gk-korcula.hr\/nova\/wp-json\/wp\/v2\/tags?post=2521"},{"taxonomy":"tribe_events_cat","embeddable":true,"href":"https:\/\/gk-korcula.hr\/nova\/wp-json\/wp\/v2\/tribe_events_cat?post=2521"}],"curies":[{"name":"wp","href":"https:\/\/api.w.org\/{rel}","templated":true}]}}

Predstavljanje knjige &#8220;Ironwoman&#8221; autorice Đurđice Orepić

<div class="xdj266r x14z9mp xat24cr x1lziwak x1vvkbs">U povodu Međunarodnog dana žena u 18.00 sati u Gradskoj knjižnici Ivan Vidali održat će se predstavljanje projekta učenika 3. A razreda Srednje škole Petra Šegedina o iznimnim i zaslužnim ženama.</div>
<div class="x14z9mp xat24cr x1lziwak x1vvkbs xtlvy1s">Nakon predstavljanja projekta srednjoškolaca, u suradnji s udrugom KaP pozivamo vas na predstavljanje knjige Ironwoman autorice Đurđice Orepić u srijedu 11. ožujka 2026. s početkom u 18.45 sati.</div>
<p><strong>O knjizi:<br />
</strong><i>Ironwoman: moja priča </i>započinje za vrijeme pandemije COVID-19, u rajskom okruženju Tahitija, uz zvuke oceana i pjev pjetlića s pješčane vulkanske crne plaže uz koje Đurđica odlučuje: vrijeme je za novu avanturu. Ta avantura potrajat će dulje čak i od triatlona – natjecanja koje obuhvaća tri discipline: <b>trčanje</b>, <b>plivanje</b> i <b>biciklizam</b>, a rezultat su <b>trenutačno najuzbudljiviji memoari domaće književnosti</b>. U njima Đurđica opisuje svaki kilometar svog putovanja: ljubav i hedonistički život sa suprugom, vinarom <b>Ivicom Matoševićem</b>, <i>preobuvanje</i> u sportsku obuću, nadljudske napore uložene u trening za <b>Ironman</b> – najpoznatije svjetsko natjecanje u triatlonu, na čijem je postolju bila šest puta – i adrenalin utrke jači i od droge…</p>
<p><strong>O autorici:<br />
</strong>Đurđica Orepić rođena je na otoku Rabu 30. svibnja 1964. Živi u Poreču i radi kao privatna poduzetnica od 1988. Majka je troje djece, kćeri Maksin i Petre te sina Damjana, i baka dviju unučica, Kim Amber i Kai Olivije. Nikada se nije aktivno bavila sportom do svoje 47. godine, kada je počela trčati iz oklade. Nakon prvog maratona u dvije godine istrčala je deset maratona i sedamnaest polumaratona po cijelom svijetu. Triatlon je počela trenirati 2014. i u ovih deset godina popela se na postolje najboljih diljem planeta. O njoj je 2016. snimljen dokumentarni film <em>Ironwoman</em> u produkciji HRT-a. Godinu 2021. završila je kao najbolje rangirana natjecateljica na svijetu u svojoj dobnoj kategoriji 55 – 59 (AWA – All World Rankings Ironman), u konkurenciji 1650 žena koje su uspješno završile utrku Ironman. Godine 2022. dodijeljeno joj je priznanje Istarske županije Istriana za najbolju sportašicu-sportaša. Višestruka je državna prvakinja HTS-a u dugom triatlonu u svojoj dobnoj skupini, ambasadorica utrka i motivacijska govornica.<strong><br />
</strong></p>

<p>U povodu Međunarodnog dana žena u 18.00 sati u Gradskoj knjižnici Ivan Vidali održat će se predstavljanje projekta učenika 3. A razreda Srednje škole Petra Šegedina o iznimnim i zaslužnim [&hellip;]</p>
