{"id":2579,"date":"2026-04-22T09:34:08","date_gmt":"2026-04-22T07:34:08","guid":{"rendered":"https:\/\/gk-korcula.hr\/nova\/?post_type=tribe_events&#038;p=2579"},"modified":"2026-04-22T09:34:08","modified_gmt":"2026-04-22T07:34:08","slug":"predstavljanje-knjige-ande-maric-mala-knjiga-za-veliki-zivot","status":"publish","type":"tribe_events","link":"https:\/\/gk-korcula.hr\/nova\/dogadaj\/predstavljanje-knjige-ande-maric-mala-knjiga-za-veliki-zivot\/","title":{"rendered":"Predstavljanje knjige An\u0111e Mari\u0107 &#8211; Mala knjiga za veliki \u017eivot"},"content":{"rendered":"<p>Pridru\u017eite nam se u petak, 24. travnja, na susretu s An\u0111om Mari\u0107, hrvatskom glazbenicom, spisateljicom i motivatoricom, koja \u0107e nam predstaviti svoju novu knjigu i pri\u010dati o svojoj borbi s te\u0161kom dijagnozom i hrabrosti da \u017eivimo punim plu\u0107ima unato\u010d svemu!<\/p>\n","protected":false},"excerpt":{"rendered":"<p>Pridru\u017eite nam se u petak, 24. travnja, na susretu s An\u0111om Mari\u0107, hrvatskom glazbenicom, spisateljicom i motivatoricom, koja \u0107e nam predstaviti svoju novu knjigu i pri\u010dati o svojoj borbi s [&hellip;]<\/p>\n","protected":false},"author":3,"featured_media":2580,"template":"","meta":{"_et_pb_use_builder":"","_et_pb_old_content":"","_et_gb_content_width":"","_tribe_events_status":"","_tribe_events_status_reason":"","footnotes":""},"tags":[],"tribe_events_cat":[],"class_list":["post-2579","tribe_events","type-tribe_events","status-publish","has-post-thumbnail","hentry"],"_links":{"self":[{"href":"https:\/\/gk-korcula.hr\/nova\/wp-json\/wp\/v2\/tribe_events\/2579","targetHints":{"allow":["GET"]}}],"collection":[{"href":"https:\/\/gk-korcula.hr\/nova\/wp-json\/wp\/v2\/tribe_events"}],"about":[{"href":"https:\/\/gk-korcula.hr\/nova\/wp-json\/wp\/v2\/types\/tribe_events"}],"author":[{"embeddable":true,"href":"https:\/\/gk-korcula.hr\/nova\/wp-json\/wp\/v2\/users\/3"}],"version-history":[{"count":1,"href":"https:\/\/gk-korcula.hr\/nova\/wp-json\/wp\/v2\/tribe_events\/2579\/revisions"}],"predecessor-version":[{"id":2581,"href":"https:\/\/gk-korcula.hr\/nova\/wp-json\/wp\/v2\/tribe_events\/2579\/revisions\/2581"}],"wp:featuredmedia":[{"embeddable":true,"href":"https:\/\/gk-korcula.hr\/nova\/wp-json\/wp\/v2\/media\/2580"}],"wp:attachment":[{"href":"https:\/\/gk-korcula.hr\/nova\/wp-json\/wp\/v2\/media?parent=2579"}],"wp:term":[{"taxonomy":"post_tag","embeddable":true,"href":"https:\/\/gk-korcula.hr\/nova\/wp-json\/wp\/v2\/tags?post=2579"},{"taxonomy":"tribe_events_cat","embeddable":true,"href":"https:\/\/gk-korcula.hr\/nova\/wp-json\/wp\/v2\/tribe_events_cat?post=2579"}],"curies":[{"name":"wp","href":"https:\/\/api.w.org\/{rel}","templated":true}]}}

Predstavljanje knjige Anđe Marić &#8211; Mala knjiga za veliki život

<p>Pridružite nam se u petak, 24. travnja, na susretu s Anđom Marić, hrvatskom glazbenicom, spisateljicom i motivatoricom, koja će nam predstaviti svoju novu knjigu i pričati o svojoj borbi s teškom dijagnozom i hrabrosti da živimo punim plućima unatoč svemu!</p>

<p>Pridružite nam se u petak, 24. travnja, na susretu s Anđom Marić, hrvatskom glazbenicom, spisateljicom i motivatoricom, koja će nam predstaviti svoju novu knjigu i pričati o svojoj borbi s [&hellip;]</p>
