{"id":2592,"date":"2026-04-22T12:42:22","date_gmt":"2026-04-22T10:42:22","guid":{"rendered":"https:\/\/gk-korcula.hr\/nova\/?post_type=tribe_events&#038;p=2592"},"modified":"2026-04-22T12:42:22","modified_gmt":"2026-04-22T10:42:22","slug":"predstavljanje-slikovnice-nikola-tesla-izumitelj-buducnosti","status":"publish","type":"tribe_events","link":"https:\/\/gk-korcula.hr\/nova\/dogadaj\/predstavljanje-slikovnice-nikola-tesla-izumitelj-buducnosti\/","title":{"rendered":"Predstavljanje slikovnice Nikola Tesla: izumitelj budu\u0107nosti"},"content":{"rendered":"<p>Pozivamo vas na predstavljanje slikovnice\u00a0<em>Nikola Tesla<\/em>:\u00a0<em>izumitelj budu\u0107nosti\u00a0<\/em>koje \u0107e se odr\u017eati u srijedu, 22. travnja u Gradskoj knji\u017enici\u00a0<em>Ivan Vidali<\/em>\u00a0s po\u010detkom u 9:00 sati. Slikovnicu \u0107e predstaviti autorica Sani Sardeli\u0107.<\/p>\n","protected":false},"excerpt":{"rendered":"<p>Pozivamo vas na predstavljanje slikovnice\u00a0Nikola Tesla:\u00a0izumitelj budu\u0107nosti\u00a0koje \u0107e se odr\u017eati u srijedu, 22. travnja u Gradskoj knji\u017enici\u00a0Ivan Vidali\u00a0s po\u010detkom u 9:00 sati. Slikovnicu \u0107e predstaviti autorica Sani Sardeli\u0107.<\/p>\n","protected":false},"author":3,"featured_media":2587,"template":"","meta":{"_et_pb_use_builder":"","_et_pb_old_content":"","_et_gb_content_width":"","_tribe_events_status":"","_tribe_events_status_reason":"","footnotes":""},"tags":[],"tribe_events_cat":[],"class_list":["post-2592","tribe_events","type-tribe_events","status-publish","has-post-thumbnail","hentry"],"_links":{"self":[{"href":"https:\/\/gk-korcula.hr\/nova\/wp-json\/wp\/v2\/tribe_events\/2592","targetHints":{"allow":["GET"]}}],"collection":[{"href":"https:\/\/gk-korcula.hr\/nova\/wp-json\/wp\/v2\/tribe_events"}],"about":[{"href":"https:\/\/gk-korcula.hr\/nova\/wp-json\/wp\/v2\/types\/tribe_events"}],"author":[{"embeddable":true,"href":"https:\/\/gk-korcula.hr\/nova\/wp-json\/wp\/v2\/users\/3"}],"version-history":[{"count":1,"href":"https:\/\/gk-korcula.hr\/nova\/wp-json\/wp\/v2\/tribe_events\/2592\/revisions"}],"predecessor-version":[{"id":2593,"href":"https:\/\/gk-korcula.hr\/nova\/wp-json\/wp\/v2\/tribe_events\/2592\/revisions\/2593"}],"wp:featuredmedia":[{"embeddable":true,"href":"https:\/\/gk-korcula.hr\/nova\/wp-json\/wp\/v2\/media\/2587"}],"wp:attachment":[{"href":"https:\/\/gk-korcula.hr\/nova\/wp-json\/wp\/v2\/media?parent=2592"}],"wp:term":[{"taxonomy":"post_tag","embeddable":true,"href":"https:\/\/gk-korcula.hr\/nova\/wp-json\/wp\/v2\/tags?post=2592"},{"taxonomy":"tribe_events_cat","embeddable":true,"href":"https:\/\/gk-korcula.hr\/nova\/wp-json\/wp\/v2\/tribe_events_cat?post=2592"}],"curies":[{"name":"wp","href":"https:\/\/api.w.org\/{rel}","templated":true}]}}

Predstavljanje slikovnice Nikola Tesla: izumitelj budućnosti

<p>Pozivamo vas na predstavljanje slikovnice <em>Nikola Tesla</em>: <em>izumitelj budućnosti </em>koje će se održati u srijedu, 22. travnja u Gradskoj knjižnici <em>Ivan Vidali</em> s početkom u 9:00 sati. Slikovnicu će predstaviti autorica Sani Sardelić.</p>

<p>Pozivamo vas na predstavljanje slikovnice Nikola Tesla: izumitelj budućnosti koje će se održati u srijedu, 22. travnja u Gradskoj knjižnici Ivan Vidali s početkom u 9:00 sati. Slikovnicu će predstaviti autorica Sani Sardelić.</p>
